{"id":1944839,"date":"2019-07-24T13:53:05","date_gmt":"2019-07-24T13:53:05","guid":{"rendered":"https:\/\/demo.domenos.rs\/dim\/?post_type=product&#038;p=1944839"},"modified":"2025-06-09T15:03:53","modified_gmt":"2025-06-09T15:03:53","slug":"baterija-potisna-za-lavabo-topla-hladna-remer-te18","status":"publish","type":"product","link":"https:\/\/demo.domenos.rs\/dim\/proizvod\/baterija-potisna-za-lavabo-topla-hladna-remer-te18\/","title":{"rendered":"BATERIJA POTISNA ZA LAVABO TOPLA\/HLADNA &#8211; REMER TE18"},"content":{"rendered":"<p><strong>DEKLARACIJA:<\/strong><\/p>\n<p>REMER TE18<\/p>\n<p>Samostoje\u0107a vremenska baterija.<\/p>\n<p>Prizvo\u0111a\u010d: Remer<\/p>\n<p>Zemlja porekla: Italija<\/p>\n<p>Uvoznik: Dim trade doo, Zemunska 29, 11070 Novi Beograd<\/p>\n<p>&nbsp;<\/p>\n<p>Vremenska baterija samostoje\u0107a sa opcijom tople\/hladne vode. <span data-sheets-value=\"{&quot;1&quot;:2,&quot;2&quot;:&quot;Vremenska stoje\u0107a baterija. Vreme protoka vode 6-8 sek. Povezivanje na mre\u017eu 1\/2&quot;. Materijal hromirani mesing. &quot;}\" data-sheets-userformat=\"{&quot;2&quot;:10497,&quot;3&quot;:{&quot;1&quot;:0,&quot;3&quot;:1},&quot;11&quot;:4,&quot;14&quot;:{&quot;1&quot;:3,&quot;3&quot;:1},&quot;16&quot;:11}\">Vreme protoka vode 6-8 sek. <\/span><\/p>\n<p><span data-sheets-value=\"{&quot;1&quot;:2,&quot;2&quot;:&quot;Vremenska stoje\u0107a baterija. Vreme protoka vode 6-8 sek. Povezivanje na mre\u017eu 1\/2&quot;. Materijal hromirani mesing. &quot;}\" data-sheets-userformat=\"{&quot;2&quot;:10497,&quot;3&quot;:{&quot;1&quot;:0,&quot;3&quot;:1},&quot;11&quot;:4,&quot;14&quot;:{&quot;1&quot;:3,&quot;3&quot;:1},&quot;16&quot;:11}\">Povezivanje na mre\u017eu 1\/2&#8243;. Materijal hromirani mesing.<\/span><\/p>\n<p>Garancija na telo baterije 5 godina.<\/p>\n<p>&nbsp;<\/p>\n","protected":false},"excerpt":{"rendered":"<p>U cenu je ura\u010dunat PDV. Cene mo\u017eemo menjati bez prethodne najave. Svi artikli koji su prikazani na sajtu su informativnog karaktera. Za vi\u0161e informacija o artiklu, molimo da nas <a href=\"https:\/\/www.dimtrade.rs\/kontakt\/\">kontaktirate<\/a>.<\/p>\n","protected":false},"featured_media":1932087,"comment_status":"closed","ping_status":"closed","template":"","meta":[],"pwb-brand":[971],"product_brand":[],"product_cat":[76,83],"product_tag":[79,80,111,81],"class_list":{"0":"post-1944839","1":"product","2":"type-product","3":"status-publish","4":"has-post-thumbnail","6":"pwb-brand-remer","7":"product_cat-baterije","8":"product_cat-baterije-za-lavabo","9":"product_tag-baterija","10":"product_tag-cesma","11":"product_tag-kupatilo","12":"product_tag-slavina","14":"first","15":"instock","16":"shipping-taxable","17":"purchasable","18":"product-type-simple"},"yoast_head":"<!-- This site is optimized with the Yoast SEO plugin v25.3.1 - https:\/\/yoast.com\/wordpress\/plugins\/seo\/ -->\n<title>BATERIJA POTISNA ZA LAVABO TOPLA\/HLADNA - REMER TE18 - DIM Trade<\/title>\n<meta name=\"robots\" content=\"index, follow, max-snippet:-1, max-image-preview:large, max-video-preview:-1\" \/>\n<link rel=\"canonical\" href=\"https:\/\/demo.domenos.rs\/dim\/proizvod\/baterija-potisna-za-lavabo-topla-hladna-remer-te18\/\" \/>\n<meta property=\"og:locale\" content=\"sr_RS\" \/>\n<meta property=\"og:type\" content=\"article\" \/>\n<meta property=\"og:title\" content=\"BATERIJA POTISNA ZA LAVABO TOPLA\/HLADNA - REMER TE18 - DIM Trade\" \/>\n<meta property=\"og:description\" content=\"U cenu je ura\u010dunat PDV. Cene mo\u017eemo menjati bez prethodne najave. Svi artikli koji su prikazani na sajtu su informativnog karaktera. Za vi\u0161e informacija o artiklu, molimo da nas kontaktirate.\" \/>\n<meta property=\"og:url\" content=\"https:\/\/demo.domenos.rs\/dim\/proizvod\/baterija-potisna-za-lavabo-topla-hladna-remer-te18\/\" \/>\n<meta property=\"og:site_name\" content=\"DIM Trade\" \/>\n<meta property=\"article:modified_time\" content=\"2025-06-09T15:03:53+00:00\" \/>\n<meta name=\"twitter:card\" content=\"summary_large_image\" \/>\n<script type=\"application\/ld+json\" class=\"yoast-schema-graph\">{\"@context\":\"https:\/\/schema.org\",\"@graph\":[{\"@type\":\"WebPage\",\"@id\":\"https:\/\/demo.domenos.rs\/dim\/proizvod\/baterija-potisna-za-lavabo-topla-hladna-remer-te18\/\",\"url\":\"https:\/\/demo.domenos.rs\/dim\/proizvod\/baterija-potisna-za-lavabo-topla-hladna-remer-te18\/\",\"name\":\"BATERIJA POTISNA ZA LAVABO TOPLA\/HLADNA - REMER TE18 - DIM Trade\",\"isPartOf\":{\"@id\":\"https:\/\/demo.domenos.rs\/dim\/#website\"},\"primaryImageOfPage\":{\"@id\":\"https:\/\/demo.domenos.rs\/dim\/proizvod\/baterija-potisna-za-lavabo-topla-hladna-remer-te18\/#primaryimage\"},\"image\":{\"@id\":\"https:\/\/demo.domenos.rs\/dim\/proizvod\/baterija-potisna-za-lavabo-topla-hladna-remer-te18\/#primaryimage\"},\"thumbnailUrl\":\"https:\/\/demo.domenos.rs\/dim\/wp-content\/uploads\/2025\/05\/1554974906-te18g-BATERIJA-POTISNA-ZA-LAVABO-TOPLA-HLADNA-REMER-TE18.jpg\",\"datePublished\":\"2019-07-24T13:53:05+00:00\",\"dateModified\":\"2025-06-09T15:03:53+00:00\",\"breadcrumb\":{\"@id\":\"https:\/\/demo.domenos.rs\/dim\/proizvod\/baterija-potisna-za-lavabo-topla-hladna-remer-te18\/#breadcrumb\"},\"inLanguage\":\"sr-RS\",\"potentialAction\":[{\"@type\":\"ReadAction\",\"target\":[\"https:\/\/demo.domenos.rs\/dim\/proizvod\/baterija-potisna-za-lavabo-topla-hladna-remer-te18\/\"]}]},{\"@type\":\"ImageObject\",\"inLanguage\":\"sr-RS\",\"@id\":\"https:\/\/demo.domenos.rs\/dim\/proizvod\/baterija-potisna-za-lavabo-topla-hladna-remer-te18\/#primaryimage\",\"url\":\"https:\/\/demo.domenos.rs\/dim\/wp-content\/uploads\/2025\/05\/1554974906-te18g-BATERIJA-POTISNA-ZA-LAVABO-TOPLA-HLADNA-REMER-TE18.jpg\",\"contentUrl\":\"https:\/\/demo.domenos.rs\/dim\/wp-content\/uploads\/2025\/05\/1554974906-te18g-BATERIJA-POTISNA-ZA-LAVABO-TOPLA-HLADNA-REMER-TE18.jpg\"},{\"@type\":\"BreadcrumbList\",\"@id\":\"https:\/\/demo.domenos.rs\/dim\/proizvod\/baterija-potisna-za-lavabo-topla-hladna-remer-te18\/#breadcrumb\",\"itemListElement\":[{\"@type\":\"ListItem\",\"position\":1,\"name\":\"Home\",\"item\":\"https:\/\/demo.domenos.rs\/dim\/\"},{\"@type\":\"ListItem\",\"position\":2,\"name\":\"Prodavnica\",\"item\":\"https:\/\/demo.domenos.rs\/dim\/prodavnica\/\"},{\"@type\":\"ListItem\",\"position\":3,\"name\":\"BATERIJA POTISNA ZA LAVABO TOPLA\/HLADNA &#8211; REMER TE18\"}]},{\"@type\":\"WebSite\",\"@id\":\"https:\/\/demo.domenos.rs\/dim\/#website\",\"url\":\"https:\/\/demo.domenos.rs\/dim\/\",\"name\":\"DIM Trade\",\"description\":\"\",\"publisher\":{\"@id\":\"https:\/\/demo.domenos.rs\/dim\/#organization\"},\"potentialAction\":[{\"@type\":\"SearchAction\",\"target\":{\"@type\":\"EntryPoint\",\"urlTemplate\":\"https:\/\/demo.domenos.rs\/dim\/?s={search_term_string}\"},\"query-input\":{\"@type\":\"PropertyValueSpecification\",\"valueRequired\":true,\"valueName\":\"search_term_string\"}}],\"inLanguage\":\"sr-RS\"},{\"@type\":\"Organization\",\"@id\":\"https:\/\/demo.domenos.rs\/dim\/#organization\",\"name\":\"DIM Trade\",\"url\":\"https:\/\/demo.domenos.rs\/dim\/\",\"logo\":{\"@type\":\"ImageObject\",\"inLanguage\":\"sr-RS\",\"@id\":\"https:\/\/demo.domenos.rs\/dim\/#\/schema\/logo\/image\/\",\"url\":\"https:\/\/demo.domenos.rs\/dim\/wp-content\/uploads\/2024\/10\/dimtrade-logo.png\",\"contentUrl\":\"https:\/\/demo.domenos.rs\/dim\/wp-content\/uploads\/2024\/10\/dimtrade-logo.png\",\"width\":342,\"height\":70,\"caption\":\"DIM Trade\"},\"image\":{\"@id\":\"https:\/\/demo.domenos.rs\/dim\/#\/schema\/logo\/image\/\"}}]}<\/script>\n<!-- \/ Yoast SEO plugin. -->","yoast_head_json":{"title":"BATERIJA POTISNA ZA LAVABO TOPLA\/HLADNA - REMER TE18 - DIM Trade","robots":{"index":"index","follow":"follow","max-snippet":"max-snippet:-1","max-image-preview":"max-image-preview:large","max-video-preview":"max-video-preview:-1"},"canonical":"https:\/\/demo.domenos.rs\/dim\/proizvod\/baterija-potisna-za-lavabo-topla-hladna-remer-te18\/","og_locale":"sr_RS","og_type":"article","og_title":"BATERIJA POTISNA ZA LAVABO TOPLA\/HLADNA - REMER TE18 - DIM Trade","og_description":"U cenu je ura\u010dunat PDV. Cene mo\u017eemo menjati bez prethodne najave. Svi artikli koji su prikazani na sajtu su informativnog karaktera. Za vi\u0161e informacija o artiklu, molimo da nas kontaktirate.","og_url":"https:\/\/demo.domenos.rs\/dim\/proizvod\/baterija-potisna-za-lavabo-topla-hladna-remer-te18\/","og_site_name":"DIM Trade","article_modified_time":"2025-06-09T15:03:53+00:00","twitter_card":"summary_large_image","schema":{"@context":"https:\/\/schema.org","@graph":[{"@type":"WebPage","@id":"https:\/\/demo.domenos.rs\/dim\/proizvod\/baterija-potisna-za-lavabo-topla-hladna-remer-te18\/","url":"https:\/\/demo.domenos.rs\/dim\/proizvod\/baterija-potisna-za-lavabo-topla-hladna-remer-te18\/","name":"BATERIJA POTISNA ZA LAVABO TOPLA\/HLADNA - REMER TE18 - DIM Trade","isPartOf":{"@id":"https:\/\/demo.domenos.rs\/dim\/#website"},"primaryImageOfPage":{"@id":"https:\/\/demo.domenos.rs\/dim\/proizvod\/baterija-potisna-za-lavabo-topla-hladna-remer-te18\/#primaryimage"},"image":{"@id":"https:\/\/demo.domenos.rs\/dim\/proizvod\/baterija-potisna-za-lavabo-topla-hladna-remer-te18\/#primaryimage"},"thumbnailUrl":"https:\/\/demo.domenos.rs\/dim\/wp-content\/uploads\/2025\/05\/1554974906-te18g-BATERIJA-POTISNA-ZA-LAVABO-TOPLA-HLADNA-REMER-TE18.jpg","datePublished":"2019-07-24T13:53:05+00:00","dateModified":"2025-06-09T15:03:53+00:00","breadcrumb":{"@id":"https:\/\/demo.domenos.rs\/dim\/proizvod\/baterija-potisna-za-lavabo-topla-hladna-remer-te18\/#breadcrumb"},"inLanguage":"sr-RS","potentialAction":[{"@type":"ReadAction","target":["https:\/\/demo.domenos.rs\/dim\/proizvod\/baterija-potisna-za-lavabo-topla-hladna-remer-te18\/"]}]},{"@type":"ImageObject","inLanguage":"sr-RS","@id":"https:\/\/demo.domenos.rs\/dim\/proizvod\/baterija-potisna-za-lavabo-topla-hladna-remer-te18\/#primaryimage","url":"https:\/\/demo.domenos.rs\/dim\/wp-content\/uploads\/2025\/05\/1554974906-te18g-BATERIJA-POTISNA-ZA-LAVABO-TOPLA-HLADNA-REMER-TE18.jpg","contentUrl":"https:\/\/demo.domenos.rs\/dim\/wp-content\/uploads\/2025\/05\/1554974906-te18g-BATERIJA-POTISNA-ZA-LAVABO-TOPLA-HLADNA-REMER-TE18.jpg"},{"@type":"BreadcrumbList","@id":"https:\/\/demo.domenos.rs\/dim\/proizvod\/baterija-potisna-za-lavabo-topla-hladna-remer-te18\/#breadcrumb","itemListElement":[{"@type":"ListItem","position":1,"name":"Home","item":"https:\/\/demo.domenos.rs\/dim\/"},{"@type":"ListItem","position":2,"name":"Prodavnica","item":"https:\/\/demo.domenos.rs\/dim\/prodavnica\/"},{"@type":"ListItem","position":3,"name":"BATERIJA POTISNA ZA LAVABO TOPLA\/HLADNA &#8211; REMER TE18"}]},{"@type":"WebSite","@id":"https:\/\/demo.domenos.rs\/dim\/#website","url":"https:\/\/demo.domenos.rs\/dim\/","name":"DIM Trade","description":"","publisher":{"@id":"https:\/\/demo.domenos.rs\/dim\/#organization"},"potentialAction":[{"@type":"SearchAction","target":{"@type":"EntryPoint","urlTemplate":"https:\/\/demo.domenos.rs\/dim\/?s={search_term_string}"},"query-input":{"@type":"PropertyValueSpecification","valueRequired":true,"valueName":"search_term_string"}}],"inLanguage":"sr-RS"},{"@type":"Organization","@id":"https:\/\/demo.domenos.rs\/dim\/#organization","name":"DIM Trade","url":"https:\/\/demo.domenos.rs\/dim\/","logo":{"@type":"ImageObject","inLanguage":"sr-RS","@id":"https:\/\/demo.domenos.rs\/dim\/#\/schema\/logo\/image\/","url":"https:\/\/demo.domenos.rs\/dim\/wp-content\/uploads\/2024\/10\/dimtrade-logo.png","contentUrl":"https:\/\/demo.domenos.rs\/dim\/wp-content\/uploads\/2024\/10\/dimtrade-logo.png","width":342,"height":70,"caption":"DIM Trade"},"image":{"@id":"https:\/\/demo.domenos.rs\/dim\/#\/schema\/logo\/image\/"}}]}},"brands":[{"id":971,"name":"Remer","slug":"remer"}],"_links":{"self":[{"href":"https:\/\/demo.domenos.rs\/dim\/wp-json\/wp\/v2\/product\/1944839","targetHints":{"allow":["GET"]}}],"collection":[{"href":"https:\/\/demo.domenos.rs\/dim\/wp-json\/wp\/v2\/product"}],"about":[{"href":"https:\/\/demo.domenos.rs\/dim\/wp-json\/wp\/v2\/types\/product"}],"replies":[{"embeddable":true,"href":"https:\/\/demo.domenos.rs\/dim\/wp-json\/wp\/v2\/comments?post=1944839"}],"wp:featuredmedia":[{"embeddable":true,"href":"https:\/\/demo.domenos.rs\/dim\/wp-json\/wp\/v2\/media\/1932087"}],"wp:attachment":[{"href":"https:\/\/demo.domenos.rs\/dim\/wp-json\/wp\/v2\/media?parent=1944839"}],"wp:term":[{"taxonomy":"pwb-brand","embeddable":true,"href":"https:\/\/demo.domenos.rs\/dim\/wp-json\/wp\/v2\/pwb-brand?post=1944839"},{"taxonomy":"product_brand","embeddable":true,"href":"https:\/\/demo.domenos.rs\/dim\/wp-json\/wp\/v2\/product_brand?post=1944839"},{"taxonomy":"product_cat","embeddable":true,"href":"https:\/\/demo.domenos.rs\/dim\/wp-json\/wp\/v2\/product_cat?post=1944839"},{"taxonomy":"product_tag","embeddable":true,"href":"https:\/\/demo.domenos.rs\/dim\/wp-json\/wp\/v2\/product_tag?post=1944839"}],"curies":[{"name":"wp","href":"https:\/\/api.w.org\/{rel}","templated":true}]}}