{"id":10814,"date":"2020-07-15T12:54:55","date_gmt":"2020-07-15T12:54:55","guid":{"rendered":"https:\/\/demo.domenos.rs\/dimstari\/?post_type=product&#038;p=10814"},"modified":"2024-11-07T22:09:08","modified_gmt":"2024-11-07T22:09:08","slug":"bojler-30l-visoka-montaza-metalac-emajlirani","status":"publish","type":"product","link":"https:\/\/demo.domenos.rs\/dimstari\/proizvod\/bojler-30l-visoka-montaza-metalac-emajlirani\/","title":{"rendered":"BOJLER 30L VERTIKALNI HYDRA EZV_P30R"},"content":{"rendered":"<div class=\"wpb-content-wrapper\"><div class=\"main-content col-lg-9\">\n<div id=\"primary\" class=\"content-area\">\n<div id=\"product-10788\" class=\"product type-product post-10788 status-publish first instock product_cat-bojleri product_cat-bojleri-080-l product_cat-prohromski-bojleri product_cat-vertikalni-bojleri product_tag-bojler product_tag-capocasa product_tag-inox-kazan product_tag-oprema product_tag-toplota has-post-thumbnail downloadable shipping-taxable purchasable product-type-simple product-layout-default\">\n<div id=\"product-tab\" class=\"woocommerce-tabs woocommerce-tabs-k1oph75foj68vs29gex3rs5jiopdakm resp-htabs\">\n<div class=\"resp-tabs-container\">\n<div id=\"tab-description\" class=\"tab-content resp-tab-content resp-tab-content-active\" aria-labelledby=\"tab_item-0\">\n<div class=\"sp-top-row\">\n<div class=\"row\">\n<div class=\"col-md-6\">\n<div class=\"sp-content\">\n<div class=\"short-desc\">\n<p>Tip aparata: Akumulacioni bojler<\/p>\n<p>Monta\u017ea: Vertikalni<\/p>\n<p>Kazan: Emajlirani<\/p>\n<p>Garancija: 5 godina garancije na kazan\/ 25 meseci na rezervne delove<\/p>\n<p>Dimenzije (\u0160xV): \ufb01 395mm x 518mm<\/p>\n<p>Nosa\u010d \/ ka\u010denje: Univerzalni \/ raspon rupa od 130mm do 360mm<\/p>\n<p>Sigurnosni ventil: da<\/p>\n<p>MG anoda: da<\/p>\n<p>Prirubnica (flan\u0161na): Okrugla (\ufb01 72mm)<\/p>\n<p>Izolacija: Poliuretanska (purpena) od 17mm do 40mm<\/p>\n<p>Kapacitet: 30 L<\/p>\n<p>Snaga elektro greja\u010da: 2 kw (bakarni)<\/p>\n<p>Radni pritisak: 0,6 Mpa (6 bari)<\/p>\n<p>Radni napon: 230 V<\/p>\n<p>Energetski razred: C<\/p>\n<p>Ostalo: Inox izlivna cev<\/p>\n<p>\u0160tapni termostat, sa spolja\u0161njom regulacijom temperature<\/p>\n<p>Vreme zagrevanja vode na 75\u02daC: 65 min<\/p>\n<p>Te\u017eina upakovanog proizvoda: 15,5 kg<\/p>\n<p>Proizvo\u0111a\u010d: Metalac<\/p>\n<p>Zemlja porekla: Srbija<\/p>\n<p>BOJLERI SA EMAJLIRANIM KAZANOM<\/p>\n<p>\u2022 Elektrostati\u010dko emajliranje obezbe\u0111uje ravnomernost debljine nanosa emajla, \u0161to je klju\u010dni faktor za dugove\u010dnost bojlera.<\/p>\n<p>\u2022 Univerzalna prirubnica na svim bojlerima sa emajliranim kazanom je \u00d8 72 mm- obezbe\u0111uje monta\u017eu suvih i kerami\u010dkih greja\u010da.<\/p>\n<p>\u2022 Bipolarni \u0161tapni termostat sa dva stepena za\u0161tite.<\/p>\n<p>\u2022 Omogu\u0107ava pode\u0161avanje temperature vode prema potrebama potro\u0161a\u010da.<\/p>\n<p>\u2022 Spolja\u0161nja regulacija temperature<\/p>\n<p>\u2022 Poliuretanska ECO izolacija omogu\u0107ava minimalne gubitke toplote, odnosno zadr\u017eavanje tople vode u kazanu u du\u017eem<\/p>\n<p>vremenskom periodu od klasi\u010dnih izolacija od mineralne vune (energetska efikasnost).<\/p>\n<p>\u2022 Inox izlivna cev za toplu vodu (ne tro\u0161i se vrh cevi tokom radnog veka bojlera, samim tim nema umanjenja tople vode<\/p>\n<p>radnog veka bojlera, samim tim nema umanjenja tople vode vremenom.<\/p>\n<p>\u2022 Mg anoda slu\u017ei u bojleru da spre\u010di koroziju samog kazana i ostalih metalnih delova u njemu, \u010dime se zna\u010dajno produ\u017eava<\/p>\n<p>\u017eivotni vek bojlera sa svim svojim sastavnim delovima.<\/p>\n<p>\u2022 Obavezno kori\u0161\u0107enje sigurnosnog ventila pri ugradnji.<\/p>\n<p>\u2022 Sigurnosni ventil od 8 bara.<\/p>\n<p>UNIVERZALNI NOSA\u010c<\/p>\n<p>Zahvaljuju\u0107i \u0161irokom rasponu za ka\u010denje (od 130 do 360 mm), koji odgovara ve\u0107ini bojlera na tr\u017ei\u0161tu, univerzalni nosa\u010d<\/p>\n<p>omogu\u0107uje jednostavnu monta\u017eu u slu\u010daju zamene bojlera. Na ovaj na\u010din izbegava se bu\u0161enje dodatnih rupa u kupatilu.<\/p>\n<p>Ukoliko je kupac prethodno imao bojler drugog proizvo\u0111a\u010da, \u010diji se bojler ka\u010dio preko pri\u010dvr\u0161\u0107ene plo\u010dice na zid,<\/p>\n<p>sa ovim nosa\u010dem bojleri Metalac se mogu oka\u010diti na istu plo\u010dicu. Univerzalni nosa\u010d za EZV i MB modele (\u00d8 395 i<\/p>\n<p>\u00d8 454mm) bojlera za kupatilo<\/p>\n<p>ENERGETSKA NALEPNICA<\/p>\n<p>Nalepnice za energetsku efikasnost sadr\u017ee informacije o tipu bojlera, njegovoj klasi energetske efikasnosti i potro\u0161nji elektri\u010dne<\/p>\n<p>energije na godi\u0161njem nivou. Metalac bojler ispunjava sve zahteve i direktive u pogledu energetske efikasnosti i ima visoku energetsku<\/p>\n<p>ocenu. Bojleri srednje litra\u017ee imaju energetski razred C.<\/p>\n<p>&nbsp;<\/p>\n<div class=\"sp-top-row\">\n<div class=\"row\">\n<div class=\"col-md-6\">\n<div class=\"sp-content\">\n<div class=\"short-desc\">\n<div class=\"home-product-row\">\n<div class=\"container\">\n<div class=\"prod-boxes-wrap\">\n<div class=\"prod-boxes-header d-flex justify-content-between\"><\/div>\n<\/div>\n<\/div>\n<\/div>\n<\/div>\n<\/div>\n<\/div>\n<\/div>\n<\/div>\n<div class=\"home-product-row\">\n<div class=\"container\">\n<div class=\"prod-boxes-wrap\">\n<div class=\"prod-boxes-header d-flex justify-content-between\"><\/div>\n<\/div>\n<\/div>\n<\/div>\n<\/div>\n<\/div>\n<\/div>\n<\/div>\n<\/div>\n<div class=\"home-product-row\">\n<div class=\"container\">\n<div class=\"prod-boxes-wrap\">\n<div class=\"prod-boxes-header d-flex justify-content-between\"><\/div>\n<\/div>\n<\/div>\n<\/div>\n<\/div>\n<\/div>\n<\/div>\n<\/div>\n<\/div>\n<\/div>\n<div class=\"col-lg-3 sidebar porto-woo-product-sidebar right-sidebar mobile-sidebar\">\n<div class=\"pin-wrapper\">\n<div class=\"sticky-active\" data-plugin-sticky=\"\" data-plugin-options=\"{&quot;autoInit&quot;: true, &quot;minWidth&quot;: 992, &quot;containerSelector&quot;: &quot;.main-content-wrap&quot;,&quot;autoFit&quot;:true, &quot;paddingOffsetBottom&quot;: 10}\">\n<div class=\"sidebar-content\">\n<aside id=\"block-widget-6\" class=\"widget widget-block\">\n<div class=\"block\">\n<div class=\"porto-block\">\n<div class=\"vc_row wpb_row row mb-1\">\n<div class=\"vc_column_container col-md-12\">\n<div class=\"wpb_wrapper vc_column-inner\">\n<div class=\"porto-feature-box wpb_content_element feature-bottom-margin m-b-md\">\n<div class=\"feature-box feature-box-primary feature-box-style-2\">\n<div class=\"feature-box-icon feature-box-icon-primary\"><\/div>\n<\/div>\n<\/div>\n<\/div>\n<\/div>\n<\/div>\n<\/div>\n<\/div>\n<\/aside>\n<\/div>\n<\/div>\n<\/div>\n<\/div>\n<\/div>","protected":false},"excerpt":{"rendered":"<p>U cenu je ura\u010dunat PDV. Cene mo\u017eemo menjati bez prethodne najave. Svi artikli koji su prikazani na sajtu su informativnog karaktera. Za vi\u0161e informacija o artiklu, molimo da nas <a href=\"https:\/\/demo.domenos.rs\/dimstari\/kontakt\/\">kontaktirate<\/a>.<\/p>\n","protected":false},"featured_media":21407,"template":"","meta":[],"product_brand":[],"product_cat":[211,200,215],"product_tag":[297,1001,309,999,1003,416],"class_list":{"0":"post-10814","1":"product","2":"type-product","3":"status-publish","4":"has-post-thumbnail","6":"product_cat-bojleri-030-l","7":"product_cat-emajlirani-bojleri","8":"product_cat-vertikalni-bojleri","9":"product_tag-bojler","10":"product_tag-bojler-30l","11":"product_tag-bojler-za-kuhinju","12":"product_tag-bojler-za-kupatilo","13":"product_tag-emajlirani-kazan","14":"product_tag-metalac","16":"first","17":"instock","18":"shipping-taxable","19":"purchasable","20":"product-type-simple"},"yoast_head":"<!-- This site is optimized with the Yoast SEO plugin v27.4 - https:\/\/yoast.com\/product\/yoast-seo-wordpress\/ -->\n<title>BOJLER 30L VERTIKALNI HYDRA EZV_P30R - DIM Trade<\/title>\n<meta name=\"description\" content=\"Bojller 30l vertikalni Hydra EZV_P30R ima \u010deli\u010dni kazan sa emajl presvlakom, vertikalna monta\u017ea na standardizovanim nosa\u010dima, za rad pod pritiskom. Brza isporuka, prihvatljive cene.\" \/>\n<meta name=\"robots\" content=\"index, follow, max-snippet:-1, max-image-preview:large, max-video-preview:-1\" \/>\n<link rel=\"canonical\" href=\"https:\/\/demo.domenos.rs\/dimstari\/proizvod\/bojler-30l-visoka-montaza-metalac-emajlirani\/\" \/>\n<meta property=\"og:locale\" content=\"sr_RS\" \/>\n<meta property=\"og:type\" content=\"article\" \/>\n<meta property=\"og:title\" content=\"BOJLER 30L VERTIKALNI HYDRA EZV_P30R - DIM Trade\" \/>\n<meta property=\"og:description\" content=\"Bojller 30l vertikalni Hydra EZV_P30R ima \u010deli\u010dni kazan sa emajl presvlakom, vertikalna monta\u017ea na standardizovanim nosa\u010dima, za rad pod pritiskom. Brza isporuka, prihvatljive cene.\" \/>\n<meta property=\"og:url\" content=\"https:\/\/demo.domenos.rs\/dimstari\/proizvod\/bojler-30l-visoka-montaza-metalac-emajlirani\/\" \/>\n<meta property=\"og:site_name\" content=\"DIM Trade\" \/>\n<meta property=\"article:publisher\" content=\"https:\/\/www.facebook.com\/dimtrade94\/\" \/>\n<meta property=\"article:modified_time\" content=\"2024-11-07T22:09:08+00:00\" \/>\n<meta property=\"og:image\" content=\"https:\/\/demo.domenos.rs\/dimstari\/wp-content\/uploads\/2024\/11\/MetalacHydraEZV_P30R.png?wsr\" \/>\n\t<meta property=\"og:image:width\" content=\"512\" \/>\n\t<meta property=\"og:image:height\" content=\"512\" \/>\n\t<meta property=\"og:image:type\" content=\"image\/png\" \/>\n<meta name=\"twitter:card\" content=\"summary_large_image\" \/>\n<meta name=\"twitter:label1\" content=\"Procenjeno vreme \u010ditanja\" \/>\n\t<meta name=\"twitter:data1\" content=\"3 minuta\" \/>\n<script type=\"application\/ld+json\" class=\"yoast-schema-graph\">{\"@context\":\"https:\\\/\\\/schema.org\",\"@graph\":[{\"@type\":\"WebPage\",\"@id\":\"https:\\\/\\\/demo.domenos.rs\\\/dimstari\\\/proizvod\\\/bojler-30l-visoka-montaza-metalac-emajlirani\\\/\",\"url\":\"https:\\\/\\\/demo.domenos.rs\\\/dimstari\\\/proizvod\\\/bojler-30l-visoka-montaza-metalac-emajlirani\\\/\",\"name\":\"BOJLER 30L VERTIKALNI HYDRA EZV_P30R - DIM Trade\",\"isPartOf\":{\"@id\":\"https:\\\/\\\/demo.domenos.rs\\\/dimstari\\\/#website\"},\"primaryImageOfPage\":{\"@id\":\"https:\\\/\\\/demo.domenos.rs\\\/dimstari\\\/proizvod\\\/bojler-30l-visoka-montaza-metalac-emajlirani\\\/#primaryimage\"},\"image\":{\"@id\":\"https:\\\/\\\/demo.domenos.rs\\\/dimstari\\\/proizvod\\\/bojler-30l-visoka-montaza-metalac-emajlirani\\\/#primaryimage\"},\"thumbnailUrl\":\"https:\\\/\\\/demo.domenos.rs\\\/dimstari\\\/wp-content\\\/uploads\\\/2024\\\/11\\\/MetalacHydraEZV_P30R.png?wsr\",\"datePublished\":\"2020-07-15T12:54:55+00:00\",\"dateModified\":\"2024-11-07T22:09:08+00:00\",\"description\":\"Bojller 30l vertikalni Hydra EZV_P30R ima \u010deli\u010dni kazan sa emajl presvlakom, vertikalna monta\u017ea na standardizovanim nosa\u010dima, za rad pod pritiskom. Brza isporuka, prihvatljive cene.\",\"breadcrumb\":{\"@id\":\"https:\\\/\\\/demo.domenos.rs\\\/dimstari\\\/proizvod\\\/bojler-30l-visoka-montaza-metalac-emajlirani\\\/#breadcrumb\"},\"inLanguage\":\"sr-RS\",\"potentialAction\":[{\"@type\":\"ReadAction\",\"target\":[\"https:\\\/\\\/demo.domenos.rs\\\/dimstari\\\/proizvod\\\/bojler-30l-visoka-montaza-metalac-emajlirani\\\/\"]}]},{\"@type\":\"ImageObject\",\"inLanguage\":\"sr-RS\",\"@id\":\"https:\\\/\\\/demo.domenos.rs\\\/dimstari\\\/proizvod\\\/bojler-30l-visoka-montaza-metalac-emajlirani\\\/#primaryimage\",\"url\":\"https:\\\/\\\/demo.domenos.rs\\\/dimstari\\\/wp-content\\\/uploads\\\/2024\\\/11\\\/MetalacHydraEZV_P30R.png?wsr\",\"contentUrl\":\"https:\\\/\\\/demo.domenos.rs\\\/dimstari\\\/wp-content\\\/uploads\\\/2024\\\/11\\\/MetalacHydraEZV_P30R.png?wsr\",\"width\":512,\"height\":512},{\"@type\":\"BreadcrumbList\",\"@id\":\"https:\\\/\\\/demo.domenos.rs\\\/dimstari\\\/proizvod\\\/bojler-30l-visoka-montaza-metalac-emajlirani\\\/#breadcrumb\",\"itemListElement\":[{\"@type\":\"ListItem\",\"position\":1,\"name\":\"Po\u010detna\",\"item\":\"https:\\\/\\\/demo.domenos.rs\\\/dimstari\\\/\"},{\"@type\":\"ListItem\",\"position\":2,\"name\":\"Prodavnica\",\"item\":\"https:\\\/\\\/demo.domenos.rs\\\/dimstari\\\/prodavnica\\\/\"},{\"@type\":\"ListItem\",\"position\":3,\"name\":\"BOJLER 30L VERTIKALNI HYDRA EZV_P30R\"}]},{\"@type\":\"WebSite\",\"@id\":\"https:\\\/\\\/demo.domenos.rs\\\/dimstari\\\/#website\",\"url\":\"https:\\\/\\\/demo.domenos.rs\\\/dimstari\\\/\",\"name\":\"DIM Trade\",\"description\":\"DIM Trade\",\"publisher\":{\"@id\":\"https:\\\/\\\/demo.domenos.rs\\\/dimstari\\\/#organization\"},\"potentialAction\":[{\"@type\":\"SearchAction\",\"target\":{\"@type\":\"EntryPoint\",\"urlTemplate\":\"https:\\\/\\\/demo.domenos.rs\\\/dimstari\\\/?s={search_term_string}\"},\"query-input\":{\"@type\":\"PropertyValueSpecification\",\"valueRequired\":true,\"valueName\":\"search_term_string\"}}],\"inLanguage\":\"sr-RS\"},{\"@type\":\"Organization\",\"@id\":\"https:\\\/\\\/demo.domenos.rs\\\/dimstari\\\/#organization\",\"name\":\"DIM Trade d.o.o.\",\"url\":\"https:\\\/\\\/demo.domenos.rs\\\/dimstari\\\/\",\"logo\":{\"@type\":\"ImageObject\",\"inLanguage\":\"sr-RS\",\"@id\":\"https:\\\/\\\/demo.domenos.rs\\\/dimstari\\\/#\\\/schema\\\/logo\\\/image\\\/\",\"url\":\"https:\\\/\\\/demo.domenos.rs\\\/dimstari\\\/wp-content\\\/uploads\\\/2019\\\/06\\\/logo-dimtrade-1.png\",\"contentUrl\":\"https:\\\/\\\/demo.domenos.rs\\\/dimstari\\\/wp-content\\\/uploads\\\/2019\\\/06\\\/logo-dimtrade-1.png\",\"width\":342,\"height\":70,\"caption\":\"DIM Trade d.o.o.\"},\"image\":{\"@id\":\"https:\\\/\\\/demo.domenos.rs\\\/dimstari\\\/#\\\/schema\\\/logo\\\/image\\\/\"},\"sameAs\":[\"https:\\\/\\\/www.facebook.com\\\/dimtrade94\\\/\",\"https:\\\/\\\/www.instagram.com\\\/dimtrade\"]}]}<\/script>\n<!-- \/ Yoast SEO plugin. -->","yoast_head_json":{"title":"BOJLER 30L VERTIKALNI HYDRA EZV_P30R - DIM Trade","description":"Bojller 30l vertikalni Hydra EZV_P30R ima \u010deli\u010dni kazan sa emajl presvlakom, vertikalna monta\u017ea na standardizovanim nosa\u010dima, za rad pod pritiskom. Brza isporuka, prihvatljive cene.","robots":{"index":"index","follow":"follow","max-snippet":"max-snippet:-1","max-image-preview":"max-image-preview:large","max-video-preview":"max-video-preview:-1"},"canonical":"https:\/\/demo.domenos.rs\/dimstari\/proizvod\/bojler-30l-visoka-montaza-metalac-emajlirani\/","og_locale":"sr_RS","og_type":"article","og_title":"BOJLER 30L VERTIKALNI HYDRA EZV_P30R - DIM Trade","og_description":"Bojller 30l vertikalni Hydra EZV_P30R ima \u010deli\u010dni kazan sa emajl presvlakom, vertikalna monta\u017ea na standardizovanim nosa\u010dima, za rad pod pritiskom. Brza isporuka, prihvatljive cene.","og_url":"https:\/\/demo.domenos.rs\/dimstari\/proizvod\/bojler-30l-visoka-montaza-metalac-emajlirani\/","og_site_name":"DIM Trade","article_publisher":"https:\/\/www.facebook.com\/dimtrade94\/","article_modified_time":"2024-11-07T22:09:08+00:00","og_image":[{"width":512,"height":512,"url":"https:\/\/demo.domenos.rs\/dimstari\/wp-content\/uploads\/2024\/11\/MetalacHydraEZV_P30R.png?wsr","type":"image\/png"}],"twitter_card":"summary_large_image","twitter_misc":{"Procenjeno vreme \u010ditanja":"3 minuta"},"schema":{"@context":"https:\/\/schema.org","@graph":[{"@type":"WebPage","@id":"https:\/\/demo.domenos.rs\/dimstari\/proizvod\/bojler-30l-visoka-montaza-metalac-emajlirani\/","url":"https:\/\/demo.domenos.rs\/dimstari\/proizvod\/bojler-30l-visoka-montaza-metalac-emajlirani\/","name":"BOJLER 30L VERTIKALNI HYDRA EZV_P30R - DIM Trade","isPartOf":{"@id":"https:\/\/demo.domenos.rs\/dimstari\/#website"},"primaryImageOfPage":{"@id":"https:\/\/demo.domenos.rs\/dimstari\/proizvod\/bojler-30l-visoka-montaza-metalac-emajlirani\/#primaryimage"},"image":{"@id":"https:\/\/demo.domenos.rs\/dimstari\/proizvod\/bojler-30l-visoka-montaza-metalac-emajlirani\/#primaryimage"},"thumbnailUrl":"https:\/\/demo.domenos.rs\/dimstari\/wp-content\/uploads\/2024\/11\/MetalacHydraEZV_P30R.png?wsr","datePublished":"2020-07-15T12:54:55+00:00","dateModified":"2024-11-07T22:09:08+00:00","description":"Bojller 30l vertikalni Hydra EZV_P30R ima \u010deli\u010dni kazan sa emajl presvlakom, vertikalna monta\u017ea na standardizovanim nosa\u010dima, za rad pod pritiskom. Brza isporuka, prihvatljive cene.","breadcrumb":{"@id":"https:\/\/demo.domenos.rs\/dimstari\/proizvod\/bojler-30l-visoka-montaza-metalac-emajlirani\/#breadcrumb"},"inLanguage":"sr-RS","potentialAction":[{"@type":"ReadAction","target":["https:\/\/demo.domenos.rs\/dimstari\/proizvod\/bojler-30l-visoka-montaza-metalac-emajlirani\/"]}]},{"@type":"ImageObject","inLanguage":"sr-RS","@id":"https:\/\/demo.domenos.rs\/dimstari\/proizvod\/bojler-30l-visoka-montaza-metalac-emajlirani\/#primaryimage","url":"https:\/\/demo.domenos.rs\/dimstari\/wp-content\/uploads\/2024\/11\/MetalacHydraEZV_P30R.png?wsr","contentUrl":"https:\/\/demo.domenos.rs\/dimstari\/wp-content\/uploads\/2024\/11\/MetalacHydraEZV_P30R.png?wsr","width":512,"height":512},{"@type":"BreadcrumbList","@id":"https:\/\/demo.domenos.rs\/dimstari\/proizvod\/bojler-30l-visoka-montaza-metalac-emajlirani\/#breadcrumb","itemListElement":[{"@type":"ListItem","position":1,"name":"Po\u010detna","item":"https:\/\/demo.domenos.rs\/dimstari\/"},{"@type":"ListItem","position":2,"name":"Prodavnica","item":"https:\/\/demo.domenos.rs\/dimstari\/prodavnica\/"},{"@type":"ListItem","position":3,"name":"BOJLER 30L VERTIKALNI HYDRA EZV_P30R"}]},{"@type":"WebSite","@id":"https:\/\/demo.domenos.rs\/dimstari\/#website","url":"https:\/\/demo.domenos.rs\/dimstari\/","name":"DIM Trade","description":"DIM Trade","publisher":{"@id":"https:\/\/demo.domenos.rs\/dimstari\/#organization"},"potentialAction":[{"@type":"SearchAction","target":{"@type":"EntryPoint","urlTemplate":"https:\/\/demo.domenos.rs\/dimstari\/?s={search_term_string}"},"query-input":{"@type":"PropertyValueSpecification","valueRequired":true,"valueName":"search_term_string"}}],"inLanguage":"sr-RS"},{"@type":"Organization","@id":"https:\/\/demo.domenos.rs\/dimstari\/#organization","name":"DIM Trade d.o.o.","url":"https:\/\/demo.domenos.rs\/dimstari\/","logo":{"@type":"ImageObject","inLanguage":"sr-RS","@id":"https:\/\/demo.domenos.rs\/dimstari\/#\/schema\/logo\/image\/","url":"https:\/\/demo.domenos.rs\/dimstari\/wp-content\/uploads\/2019\/06\/logo-dimtrade-1.png","contentUrl":"https:\/\/demo.domenos.rs\/dimstari\/wp-content\/uploads\/2019\/06\/logo-dimtrade-1.png","width":342,"height":70,"caption":"DIM Trade d.o.o."},"image":{"@id":"https:\/\/demo.domenos.rs\/dimstari\/#\/schema\/logo\/image\/"},"sameAs":["https:\/\/www.facebook.com\/dimtrade94\/","https:\/\/www.instagram.com\/dimtrade"]}]}},"_links":{"self":[{"href":"https:\/\/demo.domenos.rs\/dimstari\/wp-json\/wp\/v2\/product\/10814","targetHints":{"allow":["GET"]}}],"collection":[{"href":"https:\/\/demo.domenos.rs\/dimstari\/wp-json\/wp\/v2\/product"}],"about":[{"href":"https:\/\/demo.domenos.rs\/dimstari\/wp-json\/wp\/v2\/types\/product"}],"wp:featuredmedia":[{"embeddable":true,"href":"https:\/\/demo.domenos.rs\/dimstari\/wp-json\/wp\/v2\/media\/21407"}],"wp:attachment":[{"href":"https:\/\/demo.domenos.rs\/dimstari\/wp-json\/wp\/v2\/media?parent=10814"}],"wp:term":[{"taxonomy":"product_brand","embeddable":true,"href":"https:\/\/demo.domenos.rs\/dimstari\/wp-json\/wp\/v2\/product_brand?post=10814"},{"taxonomy":"product_cat","embeddable":true,"href":"https:\/\/demo.domenos.rs\/dimstari\/wp-json\/wp\/v2\/product_cat?post=10814"},{"taxonomy":"product_tag","embeddable":true,"href":"https:\/\/demo.domenos.rs\/dimstari\/wp-json\/wp\/v2\/product_tag?post=10814"}],"curies":[{"name":"wp","href":"https:\/\/api.w.org\/{rel}","templated":true}]}}