{"id":18024,"date":"2024-10-02T10:20:04","date_gmt":"2024-10-02T10:20:04","guid":{"rendered":"https:\/\/demo.domenos.rs\/dimstari\/?post_type=product&#038;p=18024"},"modified":"2024-11-07T23:35:12","modified_gmt":"2024-11-07T23:35:12","slug":"ideal-standard-esla-set-6-u1-bd002xc","status":"publish","type":"product","link":"https:\/\/demo.domenos.rs\/dimstari\/proizvod\/ideal-standard-esla-set-6-u1-bd002xc\/","title":{"rendered":"IDEAL STANDARD ESLA SET 6 U1 BD002XC"},"content":{"rendered":"<p>Tip proizvoda: SET<\/p>\n<p>Upravljanje: jednoru\u010dna<\/p>\n<p>Monta\u017ea: u zid (skrivena)<\/p>\n<p>Serija: ESLA<\/p>\n<p>Boja: Me\u0161ane boje<\/p>\n<p>Materijal: Mesing \/ metal \/ plastika<\/p>\n<p>Okretni izliv: Ne<\/p>\n<p>\u0160irina, cm: 27,5<\/p>\n<p>\u0160irina pakovanja, m: 0,275<\/p>\n<p>Du\u017eina, cm: 63,5<\/p>\n<p>Du\u017eina pakovanja, m: 0,635<\/p>\n<p>Visina, cm: 21<\/p>\n<p>Visina pakovanja, m: 0,21<\/p>\n<p>Ukupna te\u017eina, kg (te\u017eina proizvoda bez pakovanja): 5,57<\/p>\n<p>Ukupna bruto te\u017eina, kg (te\u017eina proizvoda sa pakovanjem): 6,62<\/p>\n<p>Zapremina, m3 (zapremina proizvoda u pakovanju): 0,0369<\/p>\n<p>Materijal pakovanja: karton<\/p>\n<p>Garancija: 2 godine<\/p>\n<p>Model: ESLA BD002XC<\/p>\n<p>Kompanija: Ideal Standard<\/p>\n<p>Brend: Ideal Standard<\/p>\n<p>Kolekcija: ESLA<\/p>\n","protected":false},"excerpt":{"rendered":"<p>U cenu je ura\u010dunat PDV. Cene mo\u017eemo menjati bez prethodne najave. Svi artikli koji su prikazani na sajtu su informativnog karaktera. Za vi\u0161e informacija o artiklu, molimo da nas <a href=\"https:\/\/demo.domenos.rs\/dimstari\/kontakt\/\">kontaktirate<\/a>.<\/p>\n","protected":false},"featured_media":22663,"template":"","meta":[],"product_brand":[],"product_cat":[96,171,1113,232,230],"product_tag":[329,332,283,330],"class_list":{"0":"post-18024","1":"product","2":"type-product","3":"status-publish","4":"has-post-thumbnail","6":"product_cat-baterije","7":"product_cat-baterije-za-lavabo","8":"product_cat-baterije-ze-tus","9":"product_cat-jednorucne-baterije","10":"product_cat-stojece-baterije","11":"product_tag-baterija-za-lavabo","12":"product_tag-baterija-za-tus","13":"product_tag-jednorucna-baterija","14":"product_tag-stojeca-baterija","16":"first","17":"instock","18":"sale","19":"shipping-taxable","20":"purchasable","21":"product-type-simple"},"yoast_head":"<!-- This site is optimized with the Yoast SEO plugin v27.4 - https:\/\/yoast.com\/product\/yoast-seo-wordpress\/ -->\n<title>IDEAL STANDARD ESLA SET 6 U1 BD002XC - DIM Trade<\/title>\n<meta name=\"description\" content=\"Baterija za sudoper Cerafine O. Kreirana sa modernim dizajnom na umu i prakti\u010dno\u0161c\u0301u . Glavna prednost baterija iz ove kolekcije je dugove\u010dnost iudobnost upotrebe.\" \/>\n<meta name=\"robots\" content=\"index, follow, max-snippet:-1, max-image-preview:large, max-video-preview:-1\" \/>\n<link rel=\"canonical\" href=\"https:\/\/demo.domenos.rs\/dimstari\/proizvod\/ideal-standard-esla-set-6-u1-bd002xc\/\" \/>\n<meta property=\"og:locale\" content=\"sr_RS\" \/>\n<meta property=\"og:type\" content=\"article\" \/>\n<meta property=\"og:title\" content=\"IDEAL STANDARD ESLA SET 6 U1 BD002XC - DIM Trade\" \/>\n<meta property=\"og:description\" content=\"Baterija za sudoper Cerafine O. Kreirana sa modernim dizajnom na umu i prakti\u010dno\u0161c\u0301u . Glavna prednost baterija iz ove kolekcije je dugove\u010dnost iudobnost upotrebe.\" \/>\n<meta property=\"og:url\" content=\"https:\/\/demo.domenos.rs\/dimstari\/proizvod\/ideal-standard-esla-set-6-u1-bd002xc\/\" \/>\n<meta property=\"og:site_name\" content=\"DIM Trade\" \/>\n<meta property=\"article:publisher\" content=\"https:\/\/www.facebook.com\/dimtrade94\/\" \/>\n<meta property=\"article:modified_time\" content=\"2024-11-07T23:35:12+00:00\" \/>\n<meta property=\"og:image\" content=\"https:\/\/demo.domenos.rs\/dimstari\/wp-content\/uploads\/2024\/11\/05-ESLA-SET-6U1-kat-BD002XC.png?wsr\" \/>\n\t<meta property=\"og:image:width\" content=\"750\" \/>\n\t<meta property=\"og:image:height\" content=\"750\" \/>\n\t<meta property=\"og:image:type\" content=\"image\/png\" \/>\n<meta name=\"twitter:card\" content=\"summary_large_image\" \/>\n<meta name=\"twitter:label1\" content=\"Procenjeno vreme \u010ditanja\" \/>\n\t<meta name=\"twitter:data1\" content=\"1 minut\" \/>\n<script type=\"application\/ld+json\" class=\"yoast-schema-graph\">{\"@context\":\"https:\\\/\\\/schema.org\",\"@graph\":[{\"@type\":\"WebPage\",\"@id\":\"https:\\\/\\\/demo.domenos.rs\\\/dimstari\\\/proizvod\\\/ideal-standard-esla-set-6-u1-bd002xc\\\/\",\"url\":\"https:\\\/\\\/demo.domenos.rs\\\/dimstari\\\/proizvod\\\/ideal-standard-esla-set-6-u1-bd002xc\\\/\",\"name\":\"IDEAL STANDARD ESLA SET 6 U1 BD002XC - DIM Trade\",\"isPartOf\":{\"@id\":\"https:\\\/\\\/demo.domenos.rs\\\/dimstari\\\/#website\"},\"primaryImageOfPage\":{\"@id\":\"https:\\\/\\\/demo.domenos.rs\\\/dimstari\\\/proizvod\\\/ideal-standard-esla-set-6-u1-bd002xc\\\/#primaryimage\"},\"image\":{\"@id\":\"https:\\\/\\\/demo.domenos.rs\\\/dimstari\\\/proizvod\\\/ideal-standard-esla-set-6-u1-bd002xc\\\/#primaryimage\"},\"thumbnailUrl\":\"https:\\\/\\\/demo.domenos.rs\\\/dimstari\\\/wp-content\\\/uploads\\\/2024\\\/11\\\/05-ESLA-SET-6U1-kat-BD002XC.png?wsr\",\"datePublished\":\"2024-10-02T10:20:04+00:00\",\"dateModified\":\"2024-11-07T23:35:12+00:00\",\"description\":\"Baterija za sudoper Cerafine O. Kreirana sa modernim dizajnom na umu i prakti\u010dno\u0161c\u0301u . Glavna prednost baterija iz ove kolekcije je dugove\u010dnost iudobnost upotrebe.\",\"breadcrumb\":{\"@id\":\"https:\\\/\\\/demo.domenos.rs\\\/dimstari\\\/proizvod\\\/ideal-standard-esla-set-6-u1-bd002xc\\\/#breadcrumb\"},\"inLanguage\":\"sr-RS\",\"potentialAction\":[{\"@type\":\"ReadAction\",\"target\":[\"https:\\\/\\\/demo.domenos.rs\\\/dimstari\\\/proizvod\\\/ideal-standard-esla-set-6-u1-bd002xc\\\/\"]}]},{\"@type\":\"ImageObject\",\"inLanguage\":\"sr-RS\",\"@id\":\"https:\\\/\\\/demo.domenos.rs\\\/dimstari\\\/proizvod\\\/ideal-standard-esla-set-6-u1-bd002xc\\\/#primaryimage\",\"url\":\"https:\\\/\\\/demo.domenos.rs\\\/dimstari\\\/wp-content\\\/uploads\\\/2024\\\/11\\\/05-ESLA-SET-6U1-kat-BD002XC.png?wsr\",\"contentUrl\":\"https:\\\/\\\/demo.domenos.rs\\\/dimstari\\\/wp-content\\\/uploads\\\/2024\\\/11\\\/05-ESLA-SET-6U1-kat-BD002XC.png?wsr\",\"width\":750,\"height\":750},{\"@type\":\"BreadcrumbList\",\"@id\":\"https:\\\/\\\/demo.domenos.rs\\\/dimstari\\\/proizvod\\\/ideal-standard-esla-set-6-u1-bd002xc\\\/#breadcrumb\",\"itemListElement\":[{\"@type\":\"ListItem\",\"position\":1,\"name\":\"Po\u010detna\",\"item\":\"https:\\\/\\\/demo.domenos.rs\\\/dimstari\\\/\"},{\"@type\":\"ListItem\",\"position\":2,\"name\":\"Prodavnica\",\"item\":\"https:\\\/\\\/demo.domenos.rs\\\/dimstari\\\/prodavnica\\\/\"},{\"@type\":\"ListItem\",\"position\":3,\"name\":\"IDEAL STANDARD ESLA SET 6 U1 BD002XC\"}]},{\"@type\":\"WebSite\",\"@id\":\"https:\\\/\\\/demo.domenos.rs\\\/dimstari\\\/#website\",\"url\":\"https:\\\/\\\/demo.domenos.rs\\\/dimstari\\\/\",\"name\":\"DIM Trade\",\"description\":\"DIM Trade\",\"publisher\":{\"@id\":\"https:\\\/\\\/demo.domenos.rs\\\/dimstari\\\/#organization\"},\"potentialAction\":[{\"@type\":\"SearchAction\",\"target\":{\"@type\":\"EntryPoint\",\"urlTemplate\":\"https:\\\/\\\/demo.domenos.rs\\\/dimstari\\\/?s={search_term_string}\"},\"query-input\":{\"@type\":\"PropertyValueSpecification\",\"valueRequired\":true,\"valueName\":\"search_term_string\"}}],\"inLanguage\":\"sr-RS\"},{\"@type\":\"Organization\",\"@id\":\"https:\\\/\\\/demo.domenos.rs\\\/dimstari\\\/#organization\",\"name\":\"DIM Trade d.o.o.\",\"url\":\"https:\\\/\\\/demo.domenos.rs\\\/dimstari\\\/\",\"logo\":{\"@type\":\"ImageObject\",\"inLanguage\":\"sr-RS\",\"@id\":\"https:\\\/\\\/demo.domenos.rs\\\/dimstari\\\/#\\\/schema\\\/logo\\\/image\\\/\",\"url\":\"https:\\\/\\\/demo.domenos.rs\\\/dimstari\\\/wp-content\\\/uploads\\\/2019\\\/06\\\/logo-dimtrade-1.png\",\"contentUrl\":\"https:\\\/\\\/demo.domenos.rs\\\/dimstari\\\/wp-content\\\/uploads\\\/2019\\\/06\\\/logo-dimtrade-1.png\",\"width\":342,\"height\":70,\"caption\":\"DIM Trade d.o.o.\"},\"image\":{\"@id\":\"https:\\\/\\\/demo.domenos.rs\\\/dimstari\\\/#\\\/schema\\\/logo\\\/image\\\/\"},\"sameAs\":[\"https:\\\/\\\/www.facebook.com\\\/dimtrade94\\\/\",\"https:\\\/\\\/www.instagram.com\\\/dimtrade\"]}]}<\/script>\n<!-- \/ Yoast SEO plugin. -->","yoast_head_json":{"title":"IDEAL STANDARD ESLA SET 6 U1 BD002XC - DIM Trade","description":"Baterija za sudoper Cerafine O. Kreirana sa modernim dizajnom na umu i prakti\u010dno\u0161c\u0301u . Glavna prednost baterija iz ove kolekcije je dugove\u010dnost iudobnost upotrebe.","robots":{"index":"index","follow":"follow","max-snippet":"max-snippet:-1","max-image-preview":"max-image-preview:large","max-video-preview":"max-video-preview:-1"},"canonical":"https:\/\/demo.domenos.rs\/dimstari\/proizvod\/ideal-standard-esla-set-6-u1-bd002xc\/","og_locale":"sr_RS","og_type":"article","og_title":"IDEAL STANDARD ESLA SET 6 U1 BD002XC - DIM Trade","og_description":"Baterija za sudoper Cerafine O. Kreirana sa modernim dizajnom na umu i prakti\u010dno\u0161c\u0301u . Glavna prednost baterija iz ove kolekcije je dugove\u010dnost iudobnost upotrebe.","og_url":"https:\/\/demo.domenos.rs\/dimstari\/proizvod\/ideal-standard-esla-set-6-u1-bd002xc\/","og_site_name":"DIM Trade","article_publisher":"https:\/\/www.facebook.com\/dimtrade94\/","article_modified_time":"2024-11-07T23:35:12+00:00","og_image":[{"width":750,"height":750,"url":"https:\/\/demo.domenos.rs\/dimstari\/wp-content\/uploads\/2024\/11\/05-ESLA-SET-6U1-kat-BD002XC.png?wsr","type":"image\/png"}],"twitter_card":"summary_large_image","twitter_misc":{"Procenjeno vreme \u010ditanja":"1 minut"},"schema":{"@context":"https:\/\/schema.org","@graph":[{"@type":"WebPage","@id":"https:\/\/demo.domenos.rs\/dimstari\/proizvod\/ideal-standard-esla-set-6-u1-bd002xc\/","url":"https:\/\/demo.domenos.rs\/dimstari\/proizvod\/ideal-standard-esla-set-6-u1-bd002xc\/","name":"IDEAL STANDARD ESLA SET 6 U1 BD002XC - DIM Trade","isPartOf":{"@id":"https:\/\/demo.domenos.rs\/dimstari\/#website"},"primaryImageOfPage":{"@id":"https:\/\/demo.domenos.rs\/dimstari\/proizvod\/ideal-standard-esla-set-6-u1-bd002xc\/#primaryimage"},"image":{"@id":"https:\/\/demo.domenos.rs\/dimstari\/proizvod\/ideal-standard-esla-set-6-u1-bd002xc\/#primaryimage"},"thumbnailUrl":"https:\/\/demo.domenos.rs\/dimstari\/wp-content\/uploads\/2024\/11\/05-ESLA-SET-6U1-kat-BD002XC.png?wsr","datePublished":"2024-10-02T10:20:04+00:00","dateModified":"2024-11-07T23:35:12+00:00","description":"Baterija za sudoper Cerafine O. Kreirana sa modernim dizajnom na umu i prakti\u010dno\u0161c\u0301u . Glavna prednost baterija iz ove kolekcije je dugove\u010dnost iudobnost upotrebe.","breadcrumb":{"@id":"https:\/\/demo.domenos.rs\/dimstari\/proizvod\/ideal-standard-esla-set-6-u1-bd002xc\/#breadcrumb"},"inLanguage":"sr-RS","potentialAction":[{"@type":"ReadAction","target":["https:\/\/demo.domenos.rs\/dimstari\/proizvod\/ideal-standard-esla-set-6-u1-bd002xc\/"]}]},{"@type":"ImageObject","inLanguage":"sr-RS","@id":"https:\/\/demo.domenos.rs\/dimstari\/proizvod\/ideal-standard-esla-set-6-u1-bd002xc\/#primaryimage","url":"https:\/\/demo.domenos.rs\/dimstari\/wp-content\/uploads\/2024\/11\/05-ESLA-SET-6U1-kat-BD002XC.png?wsr","contentUrl":"https:\/\/demo.domenos.rs\/dimstari\/wp-content\/uploads\/2024\/11\/05-ESLA-SET-6U1-kat-BD002XC.png?wsr","width":750,"height":750},{"@type":"BreadcrumbList","@id":"https:\/\/demo.domenos.rs\/dimstari\/proizvod\/ideal-standard-esla-set-6-u1-bd002xc\/#breadcrumb","itemListElement":[{"@type":"ListItem","position":1,"name":"Po\u010detna","item":"https:\/\/demo.domenos.rs\/dimstari\/"},{"@type":"ListItem","position":2,"name":"Prodavnica","item":"https:\/\/demo.domenos.rs\/dimstari\/prodavnica\/"},{"@type":"ListItem","position":3,"name":"IDEAL STANDARD ESLA SET 6 U1 BD002XC"}]},{"@type":"WebSite","@id":"https:\/\/demo.domenos.rs\/dimstari\/#website","url":"https:\/\/demo.domenos.rs\/dimstari\/","name":"DIM Trade","description":"DIM Trade","publisher":{"@id":"https:\/\/demo.domenos.rs\/dimstari\/#organization"},"potentialAction":[{"@type":"SearchAction","target":{"@type":"EntryPoint","urlTemplate":"https:\/\/demo.domenos.rs\/dimstari\/?s={search_term_string}"},"query-input":{"@type":"PropertyValueSpecification","valueRequired":true,"valueName":"search_term_string"}}],"inLanguage":"sr-RS"},{"@type":"Organization","@id":"https:\/\/demo.domenos.rs\/dimstari\/#organization","name":"DIM Trade d.o.o.","url":"https:\/\/demo.domenos.rs\/dimstari\/","logo":{"@type":"ImageObject","inLanguage":"sr-RS","@id":"https:\/\/demo.domenos.rs\/dimstari\/#\/schema\/logo\/image\/","url":"https:\/\/demo.domenos.rs\/dimstari\/wp-content\/uploads\/2019\/06\/logo-dimtrade-1.png","contentUrl":"https:\/\/demo.domenos.rs\/dimstari\/wp-content\/uploads\/2019\/06\/logo-dimtrade-1.png","width":342,"height":70,"caption":"DIM Trade d.o.o."},"image":{"@id":"https:\/\/demo.domenos.rs\/dimstari\/#\/schema\/logo\/image\/"},"sameAs":["https:\/\/www.facebook.com\/dimtrade94\/","https:\/\/www.instagram.com\/dimtrade"]}]}},"_links":{"self":[{"href":"https:\/\/demo.domenos.rs\/dimstari\/wp-json\/wp\/v2\/product\/18024","targetHints":{"allow":["GET"]}}],"collection":[{"href":"https:\/\/demo.domenos.rs\/dimstari\/wp-json\/wp\/v2\/product"}],"about":[{"href":"https:\/\/demo.domenos.rs\/dimstari\/wp-json\/wp\/v2\/types\/product"}],"wp:featuredmedia":[{"embeddable":true,"href":"https:\/\/demo.domenos.rs\/dimstari\/wp-json\/wp\/v2\/media\/22663"}],"wp:attachment":[{"href":"https:\/\/demo.domenos.rs\/dimstari\/wp-json\/wp\/v2\/media?parent=18024"}],"wp:term":[{"taxonomy":"product_brand","embeddable":true,"href":"https:\/\/demo.domenos.rs\/dimstari\/wp-json\/wp\/v2\/product_brand?post=18024"},{"taxonomy":"product_cat","embeddable":true,"href":"https:\/\/demo.domenos.rs\/dimstari\/wp-json\/wp\/v2\/product_cat?post=18024"},{"taxonomy":"product_tag","embeddable":true,"href":"https:\/\/demo.domenos.rs\/dimstari\/wp-json\/wp\/v2\/product_tag?post=18024"}],"curies":[{"name":"wp","href":"https:\/\/api.w.org\/{rel}","templated":true}]}}