{"id":2578,"date":"2019-06-12T13:37:30","date_gmt":"2019-06-12T13:37:30","guid":{"rendered":"http:\/\/www.dim-trade.rs\/?post_type=product&#038;p=2578"},"modified":"2025-04-21T05:44:36","modified_gmt":"2025-04-21T05:44:36","slug":"ugradna-baterija-sa-prebacivacem-3-1-one-rosan-jo31601","status":"publish","type":"product","link":"https:\/\/demo.domenos.rs\/dimstari\/proizvod\/ugradna-baterija-sa-prebacivacem-3-1-one-rosan-jo31601\/","title":{"rendered":"UGRADNA BATERIJA SA PREBACIVA\u010cEM 3\/1 ONE &#8211; ROSAN JO31601"},"content":{"rendered":"<div class=\"col-md-6 col-sm-6 col-xs-12\">\n<div class=\"pb-element-container pb-element-text text-tfvbsi\">\n<div>\n<h4>TEHNI\u010cKI PODACI<\/h4>\n<ul>\n<li>Jednoru\u010dna baterija<\/li>\n<li>Monta\u017ea u zidu<\/li>\n<li>Regulacija protoka do 5 lit\/min na tu\u0161u<\/li>\n<li>Kerami\u010dki me\u0161a\u010d KEROX<sup>\u00ae<\/sup> 35 HWS &#8211; <a href=\"https:\/\/www.rosan.rs\/delovi\/mesaci\/1108-pkm35a\" target=\"_blank\" rel=\"noopener noreferrer\">PKM35A<\/a><\/li>\n<li>Hromirana rozeta u ravni sa zidom &#8211; <a href=\"https:\/\/www.rosan.rs\/delovi\/rozete\/1041-pro313q\" target=\"_blank\" rel=\"noopener noreferrer\">PRO313Q<\/a><\/li>\n<li>Automatski prebaciva\u010d za tu\u0161<\/li>\n<li>Konzola tu\u0161a L. 400mm<\/li>\n<li>Zglobna tu\u0161 ru\u017ea D. 200mm<\/li>\n<li>Easy Clean tu\u0161 ru\u010dica<\/li>\n<li>Duplo pleteno tu\u0161 crevo 1.5m<\/li>\n<\/ul>\n<p>&nbsp;<\/p>\n<\/div>\n<\/div>\n<\/div>\n<div class=\"col-md-6 col-sm-6 col-xs-12\">\n<div class=\"pb-element-container pb-element-text text-dmulbx\">\n<div>\n<h4>RADNI USLOVI ARMATURA<\/h4>\n<ul>\n<li>Maksimalni radni pritisak: <strong>5 bar<\/strong><\/li>\n<li>Preporu\u010deni radni pritisak: <strong>3 bar<\/strong><\/li>\n<li>Minimalni radni pritisak: <strong>1 bar<\/strong><\/li>\n<li>Maksimalna dozvoljena temperatura: <strong>80\u00b0C<\/strong><\/li>\n<li>Preporu\u010dena temperatura vode: <strong>60\u00b0C<\/strong><\/li>\n<\/ul>\n<\/div>\n<\/div>\n<\/div>\n","protected":false},"excerpt":{"rendered":"<p>U cenu je ura\u010dunat PDV. Cene mo\u017eemo menjati bez prethodne najave. Svi artikli koji su prikazani na sajtu su informativnog karaktera. Za vi\u0161e informacija o artiklu, molimo da nas <a href=\"https:\/\/demo.domenos.rs\/dimstari\/kontakt\/\">kontaktirate<\/a>.<\/p>\n","protected":false},"featured_media":19251,"template":"","meta":[],"product_brand":[],"product_cat":[170,232,100,176,231],"product_tag":[289,332,133,283,127,331,290],"class_list":{"0":"post-2578","1":"product","2":"type-product","3":"status-publish","4":"has-post-thumbnail","6":"product_cat-baterije-za-kadu","7":"product_cat-jednorucne-baterije","8":"product_cat-tusevi","9":"product_cat-ugradne-baterije","10":"product_cat-zidne-baterije","11":"product_tag-baterija-za-kadu","12":"product_tag-baterija-za-tus","13":"product_tag-cesma","14":"product_tag-jednorucna-baterija","15":"product_tag-slavina","16":"product_tag-ugradna-baterija","17":"product_tag-zidna-baterija","19":"first","20":"instock","21":"shipping-taxable","22":"purchasable","23":"product-type-simple"},"yoast_head":"<!-- This site is optimized with the Yoast SEO plugin v27.4 - https:\/\/yoast.com\/product\/yoast-seo-wordpress\/ -->\n<title>UGRADNA BATERIJA SA PREBACIVA\u010cEM 3\/1 ONE - ROSAN JO31601 - DIM Trade<\/title>\n<meta name=\"robots\" content=\"index, follow, max-snippet:-1, max-image-preview:large, max-video-preview:-1\" \/>\n<link rel=\"canonical\" href=\"https:\/\/demo.domenos.rs\/dimstari\/proizvod\/ugradna-baterija-sa-prebacivacem-3-1-one-rosan-jo31601\/\" \/>\n<meta property=\"og:locale\" content=\"sr_RS\" \/>\n<meta property=\"og:type\" content=\"article\" \/>\n<meta property=\"og:title\" content=\"UGRADNA BATERIJA SA PREBACIVA\u010cEM 3\/1 ONE - ROSAN JO31601 - DIM Trade\" \/>\n<meta property=\"og:description\" content=\"U cenu je ura\u010dunat PDV. Cene mo\u017eemo menjati bez prethodne najave. Svi artikli koji su prikazani na sajtu su informativnog karaktera. Za vi\u0161e informacija o artiklu, molimo da nas kontaktirate.\" \/>\n<meta property=\"og:url\" content=\"https:\/\/demo.domenos.rs\/dimstari\/proizvod\/ugradna-baterija-sa-prebacivacem-3-1-one-rosan-jo31601\/\" \/>\n<meta property=\"og:site_name\" content=\"DIM Trade\" \/>\n<meta property=\"article:publisher\" content=\"https:\/\/www.facebook.com\/dimtrade94\/\" \/>\n<meta property=\"article:modified_time\" content=\"2025-04-21T05:44:36+00:00\" \/>\n<meta property=\"og:image\" content=\"https:\/\/demo.domenos.rs\/dimstari\/wp-content\/uploads\/2024\/11\/UGRADNA-BATERIJA-SA-PREBACIVACEM-3-1-ONE-ROSAN-JO31601-1556538530-jo31601.jpg?wsr\" \/>\n\t<meta property=\"og:image:width\" content=\"499\" \/>\n\t<meta property=\"og:image:height\" content=\"430\" \/>\n\t<meta property=\"og:image:type\" content=\"image\/jpeg\" \/>\n<meta name=\"twitter:card\" content=\"summary_large_image\" \/>\n<script type=\"application\/ld+json\" class=\"yoast-schema-graph\">{\"@context\":\"https:\\\/\\\/schema.org\",\"@graph\":[{\"@type\":\"WebPage\",\"@id\":\"https:\\\/\\\/demo.domenos.rs\\\/dimstari\\\/proizvod\\\/ugradna-baterija-sa-prebacivacem-3-1-one-rosan-jo31601\\\/\",\"url\":\"https:\\\/\\\/demo.domenos.rs\\\/dimstari\\\/proizvod\\\/ugradna-baterija-sa-prebacivacem-3-1-one-rosan-jo31601\\\/\",\"name\":\"UGRADNA BATERIJA SA PREBACIVA\u010cEM 3\\\/1 ONE - ROSAN JO31601 - DIM Trade\",\"isPartOf\":{\"@id\":\"https:\\\/\\\/demo.domenos.rs\\\/dimstari\\\/#website\"},\"primaryImageOfPage\":{\"@id\":\"https:\\\/\\\/demo.domenos.rs\\\/dimstari\\\/proizvod\\\/ugradna-baterija-sa-prebacivacem-3-1-one-rosan-jo31601\\\/#primaryimage\"},\"image\":{\"@id\":\"https:\\\/\\\/demo.domenos.rs\\\/dimstari\\\/proizvod\\\/ugradna-baterija-sa-prebacivacem-3-1-one-rosan-jo31601\\\/#primaryimage\"},\"thumbnailUrl\":\"https:\\\/\\\/demo.domenos.rs\\\/dimstari\\\/wp-content\\\/uploads\\\/2024\\\/11\\\/UGRADNA-BATERIJA-SA-PREBACIVACEM-3-1-ONE-ROSAN-JO31601-1556538530-jo31601.jpg?wsr\",\"datePublished\":\"2019-06-12T13:37:30+00:00\",\"dateModified\":\"2025-04-21T05:44:36+00:00\",\"breadcrumb\":{\"@id\":\"https:\\\/\\\/demo.domenos.rs\\\/dimstari\\\/proizvod\\\/ugradna-baterija-sa-prebacivacem-3-1-one-rosan-jo31601\\\/#breadcrumb\"},\"inLanguage\":\"sr-RS\",\"potentialAction\":[{\"@type\":\"ReadAction\",\"target\":[\"https:\\\/\\\/demo.domenos.rs\\\/dimstari\\\/proizvod\\\/ugradna-baterija-sa-prebacivacem-3-1-one-rosan-jo31601\\\/\"]}]},{\"@type\":\"ImageObject\",\"inLanguage\":\"sr-RS\",\"@id\":\"https:\\\/\\\/demo.domenos.rs\\\/dimstari\\\/proizvod\\\/ugradna-baterija-sa-prebacivacem-3-1-one-rosan-jo31601\\\/#primaryimage\",\"url\":\"https:\\\/\\\/demo.domenos.rs\\\/dimstari\\\/wp-content\\\/uploads\\\/2024\\\/11\\\/UGRADNA-BATERIJA-SA-PREBACIVACEM-3-1-ONE-ROSAN-JO31601-1556538530-jo31601.jpg?wsr\",\"contentUrl\":\"https:\\\/\\\/demo.domenos.rs\\\/dimstari\\\/wp-content\\\/uploads\\\/2024\\\/11\\\/UGRADNA-BATERIJA-SA-PREBACIVACEM-3-1-ONE-ROSAN-JO31601-1556538530-jo31601.jpg?wsr\",\"width\":499,\"height\":430},{\"@type\":\"BreadcrumbList\",\"@id\":\"https:\\\/\\\/demo.domenos.rs\\\/dimstari\\\/proizvod\\\/ugradna-baterija-sa-prebacivacem-3-1-one-rosan-jo31601\\\/#breadcrumb\",\"itemListElement\":[{\"@type\":\"ListItem\",\"position\":1,\"name\":\"Po\u010detna\",\"item\":\"https:\\\/\\\/demo.domenos.rs\\\/dimstari\\\/\"},{\"@type\":\"ListItem\",\"position\":2,\"name\":\"Prodavnica\",\"item\":\"https:\\\/\\\/demo.domenos.rs\\\/dimstari\\\/prodavnica\\\/\"},{\"@type\":\"ListItem\",\"position\":3,\"name\":\"UGRADNA BATERIJA SA PREBACIVA\u010cEM 3\\\/1 ONE &#8211; ROSAN JO31601\"}]},{\"@type\":\"WebSite\",\"@id\":\"https:\\\/\\\/demo.domenos.rs\\\/dimstari\\\/#website\",\"url\":\"https:\\\/\\\/demo.domenos.rs\\\/dimstari\\\/\",\"name\":\"DIM Trade\",\"description\":\"DIM Trade\",\"publisher\":{\"@id\":\"https:\\\/\\\/demo.domenos.rs\\\/dimstari\\\/#organization\"},\"potentialAction\":[{\"@type\":\"SearchAction\",\"target\":{\"@type\":\"EntryPoint\",\"urlTemplate\":\"https:\\\/\\\/demo.domenos.rs\\\/dimstari\\\/?s={search_term_string}\"},\"query-input\":{\"@type\":\"PropertyValueSpecification\",\"valueRequired\":true,\"valueName\":\"search_term_string\"}}],\"inLanguage\":\"sr-RS\"},{\"@type\":\"Organization\",\"@id\":\"https:\\\/\\\/demo.domenos.rs\\\/dimstari\\\/#organization\",\"name\":\"DIM Trade d.o.o.\",\"url\":\"https:\\\/\\\/demo.domenos.rs\\\/dimstari\\\/\",\"logo\":{\"@type\":\"ImageObject\",\"inLanguage\":\"sr-RS\",\"@id\":\"https:\\\/\\\/demo.domenos.rs\\\/dimstari\\\/#\\\/schema\\\/logo\\\/image\\\/\",\"url\":\"https:\\\/\\\/demo.domenos.rs\\\/dimstari\\\/wp-content\\\/uploads\\\/2019\\\/06\\\/logo-dimtrade-1.png\",\"contentUrl\":\"https:\\\/\\\/demo.domenos.rs\\\/dimstari\\\/wp-content\\\/uploads\\\/2019\\\/06\\\/logo-dimtrade-1.png\",\"width\":342,\"height\":70,\"caption\":\"DIM Trade d.o.o.\"},\"image\":{\"@id\":\"https:\\\/\\\/demo.domenos.rs\\\/dimstari\\\/#\\\/schema\\\/logo\\\/image\\\/\"},\"sameAs\":[\"https:\\\/\\\/www.facebook.com\\\/dimtrade94\\\/\",\"https:\\\/\\\/www.instagram.com\\\/dimtrade\"]}]}<\/script>\n<!-- \/ Yoast SEO plugin. -->","yoast_head_json":{"title":"UGRADNA BATERIJA SA PREBACIVA\u010cEM 3\/1 ONE - ROSAN JO31601 - DIM Trade","robots":{"index":"index","follow":"follow","max-snippet":"max-snippet:-1","max-image-preview":"max-image-preview:large","max-video-preview":"max-video-preview:-1"},"canonical":"https:\/\/demo.domenos.rs\/dimstari\/proizvod\/ugradna-baterija-sa-prebacivacem-3-1-one-rosan-jo31601\/","og_locale":"sr_RS","og_type":"article","og_title":"UGRADNA BATERIJA SA PREBACIVA\u010cEM 3\/1 ONE - ROSAN JO31601 - DIM Trade","og_description":"U cenu je ura\u010dunat PDV. Cene mo\u017eemo menjati bez prethodne najave. Svi artikli koji su prikazani na sajtu su informativnog karaktera. Za vi\u0161e informacija o artiklu, molimo da nas kontaktirate.","og_url":"https:\/\/demo.domenos.rs\/dimstari\/proizvod\/ugradna-baterija-sa-prebacivacem-3-1-one-rosan-jo31601\/","og_site_name":"DIM Trade","article_publisher":"https:\/\/www.facebook.com\/dimtrade94\/","article_modified_time":"2025-04-21T05:44:36+00:00","og_image":[{"width":499,"height":430,"url":"https:\/\/demo.domenos.rs\/dimstari\/wp-content\/uploads\/2024\/11\/UGRADNA-BATERIJA-SA-PREBACIVACEM-3-1-ONE-ROSAN-JO31601-1556538530-jo31601.jpg?wsr","type":"image\/jpeg"}],"twitter_card":"summary_large_image","schema":{"@context":"https:\/\/schema.org","@graph":[{"@type":"WebPage","@id":"https:\/\/demo.domenos.rs\/dimstari\/proizvod\/ugradna-baterija-sa-prebacivacem-3-1-one-rosan-jo31601\/","url":"https:\/\/demo.domenos.rs\/dimstari\/proizvod\/ugradna-baterija-sa-prebacivacem-3-1-one-rosan-jo31601\/","name":"UGRADNA BATERIJA SA PREBACIVA\u010cEM 3\/1 ONE - ROSAN JO31601 - DIM Trade","isPartOf":{"@id":"https:\/\/demo.domenos.rs\/dimstari\/#website"},"primaryImageOfPage":{"@id":"https:\/\/demo.domenos.rs\/dimstari\/proizvod\/ugradna-baterija-sa-prebacivacem-3-1-one-rosan-jo31601\/#primaryimage"},"image":{"@id":"https:\/\/demo.domenos.rs\/dimstari\/proizvod\/ugradna-baterija-sa-prebacivacem-3-1-one-rosan-jo31601\/#primaryimage"},"thumbnailUrl":"https:\/\/demo.domenos.rs\/dimstari\/wp-content\/uploads\/2024\/11\/UGRADNA-BATERIJA-SA-PREBACIVACEM-3-1-ONE-ROSAN-JO31601-1556538530-jo31601.jpg?wsr","datePublished":"2019-06-12T13:37:30+00:00","dateModified":"2025-04-21T05:44:36+00:00","breadcrumb":{"@id":"https:\/\/demo.domenos.rs\/dimstari\/proizvod\/ugradna-baterija-sa-prebacivacem-3-1-one-rosan-jo31601\/#breadcrumb"},"inLanguage":"sr-RS","potentialAction":[{"@type":"ReadAction","target":["https:\/\/demo.domenos.rs\/dimstari\/proizvod\/ugradna-baterija-sa-prebacivacem-3-1-one-rosan-jo31601\/"]}]},{"@type":"ImageObject","inLanguage":"sr-RS","@id":"https:\/\/demo.domenos.rs\/dimstari\/proizvod\/ugradna-baterija-sa-prebacivacem-3-1-one-rosan-jo31601\/#primaryimage","url":"https:\/\/demo.domenos.rs\/dimstari\/wp-content\/uploads\/2024\/11\/UGRADNA-BATERIJA-SA-PREBACIVACEM-3-1-ONE-ROSAN-JO31601-1556538530-jo31601.jpg?wsr","contentUrl":"https:\/\/demo.domenos.rs\/dimstari\/wp-content\/uploads\/2024\/11\/UGRADNA-BATERIJA-SA-PREBACIVACEM-3-1-ONE-ROSAN-JO31601-1556538530-jo31601.jpg?wsr","width":499,"height":430},{"@type":"BreadcrumbList","@id":"https:\/\/demo.domenos.rs\/dimstari\/proizvod\/ugradna-baterija-sa-prebacivacem-3-1-one-rosan-jo31601\/#breadcrumb","itemListElement":[{"@type":"ListItem","position":1,"name":"Po\u010detna","item":"https:\/\/demo.domenos.rs\/dimstari\/"},{"@type":"ListItem","position":2,"name":"Prodavnica","item":"https:\/\/demo.domenos.rs\/dimstari\/prodavnica\/"},{"@type":"ListItem","position":3,"name":"UGRADNA BATERIJA SA PREBACIVA\u010cEM 3\/1 ONE &#8211; ROSAN JO31601"}]},{"@type":"WebSite","@id":"https:\/\/demo.domenos.rs\/dimstari\/#website","url":"https:\/\/demo.domenos.rs\/dimstari\/","name":"DIM Trade","description":"DIM Trade","publisher":{"@id":"https:\/\/demo.domenos.rs\/dimstari\/#organization"},"potentialAction":[{"@type":"SearchAction","target":{"@type":"EntryPoint","urlTemplate":"https:\/\/demo.domenos.rs\/dimstari\/?s={search_term_string}"},"query-input":{"@type":"PropertyValueSpecification","valueRequired":true,"valueName":"search_term_string"}}],"inLanguage":"sr-RS"},{"@type":"Organization","@id":"https:\/\/demo.domenos.rs\/dimstari\/#organization","name":"DIM Trade d.o.o.","url":"https:\/\/demo.domenos.rs\/dimstari\/","logo":{"@type":"ImageObject","inLanguage":"sr-RS","@id":"https:\/\/demo.domenos.rs\/dimstari\/#\/schema\/logo\/image\/","url":"https:\/\/demo.domenos.rs\/dimstari\/wp-content\/uploads\/2019\/06\/logo-dimtrade-1.png","contentUrl":"https:\/\/demo.domenos.rs\/dimstari\/wp-content\/uploads\/2019\/06\/logo-dimtrade-1.png","width":342,"height":70,"caption":"DIM Trade d.o.o."},"image":{"@id":"https:\/\/demo.domenos.rs\/dimstari\/#\/schema\/logo\/image\/"},"sameAs":["https:\/\/www.facebook.com\/dimtrade94\/","https:\/\/www.instagram.com\/dimtrade"]}]}},"_links":{"self":[{"href":"https:\/\/demo.domenos.rs\/dimstari\/wp-json\/wp\/v2\/product\/2578","targetHints":{"allow":["GET"]}}],"collection":[{"href":"https:\/\/demo.domenos.rs\/dimstari\/wp-json\/wp\/v2\/product"}],"about":[{"href":"https:\/\/demo.domenos.rs\/dimstari\/wp-json\/wp\/v2\/types\/product"}],"wp:featuredmedia":[{"embeddable":true,"href":"https:\/\/demo.domenos.rs\/dimstari\/wp-json\/wp\/v2\/media\/19251"}],"wp:attachment":[{"href":"https:\/\/demo.domenos.rs\/dimstari\/wp-json\/wp\/v2\/media?parent=2578"}],"wp:term":[{"taxonomy":"product_brand","embeddable":true,"href":"https:\/\/demo.domenos.rs\/dimstari\/wp-json\/wp\/v2\/product_brand?post=2578"},{"taxonomy":"product_cat","embeddable":true,"href":"https:\/\/demo.domenos.rs\/dimstari\/wp-json\/wp\/v2\/product_cat?post=2578"},{"taxonomy":"product_tag","embeddable":true,"href":"https:\/\/demo.domenos.rs\/dimstari\/wp-json\/wp\/v2\/product_tag?post=2578"}],"curies":[{"name":"wp","href":"https:\/\/api.w.org\/{rel}","templated":true}]}}