{"id":3533,"date":"2019-07-25T13:53:08","date_gmt":"2019-07-25T13:53:08","guid":{"rendered":"http:\/\/www.dim-trade.rs\/?post_type=product&#038;p=3533"},"modified":"2024-11-07T20:00:43","modified_gmt":"2024-11-07T20:00:43","slug":"baterija-za-kadu-sa-usponskim-tusem-ideal-rain-soft-ideal-standard-b1098","status":"publish","type":"product","link":"https:\/\/demo.domenos.rs\/dimstari\/proizvod\/baterija-za-kadu-sa-usponskim-tusem-ideal-rain-soft-ideal-standard-b1098\/","title":{"rendered":"BATERIJA ZA KADU SA USPONSKIM TU\u0160EM IDEAL RAIN SOFT &#8211; IDEAL STANDARD B1098"},"content":{"rendered":"<h1 class=\"product-detail__title\">IDEALRAIN SOFT<\/p>\n<p><span class=\"product-detail__title--small\">ZIDNI TU\u0160 SISTEM<\/span><\/h1>\n<p class=\"product-detail__text--small\">\u0160ifra prozvoda: B1098<\/p>\n<ul class=\"list\">\n<li class=\"list__item\">Jednoru\u010dni zidni tu\u0161 sistem sa integrisanim diverterom<\/li>\n<li class=\"list__item\">Masivno liveno telo<\/li>\n<li class=\"list__item\">40 mm IS me\u0161a\u010dka glava velikog protoka sa kontrolom tople vode, sa CLICK<\/li>\n<li class=\"list__item\">Ekscentri i rozetne za skrivene \u0161elne<\/li>\n<li class=\"list__item\">Metalna ru\u010dka sa crvenim i plavim indikatorima<\/li>\n<li class=\"list__item\">Nepovratni ventil<\/li>\n<li class=\"list__item\">Dvostrani 35 mm kerami\u010dki ru\u010dni diverter u telu baterije ; 180 stepeni rotacija<\/li>\n<li class=\"list__item\">Prava cev ukupne du\u017eine 1051 mm<\/li>\n<li class=\"list__item\">Kliza\u010d na taster<\/li>\n<li class=\"list__item\">Okretno koleno<\/li>\n<\/ul>\n","protected":false},"excerpt":{"rendered":"<p>U cenu je ura\u010dunat PDV. Cene mo\u017eemo menjati bez prethodne najave. Svi artikli koji su prikazani na sajtu su informativnog karaktera. Za vi\u0161e informacija o artiklu, molimo da nas <a href=\"https:\/\/demo.domenos.rs\/dimstari\/kontakt\/\">kontaktirate<\/a>.<\/p>\n","protected":false},"featured_media":19583,"template":"","meta":[],"product_brand":[],"product_cat":[170,232,231,101,100],"product_tag":[129,332,133,131,127,288,152],"class_list":{"0":"post-3533","1":"product","2":"type-product","3":"status-publish","4":"has-post-thumbnail","6":"product_cat-baterije-za-kadu","7":"product_cat-jednorucne-baterije","8":"product_cat-zidne-baterije","9":"product_cat-kupatilo","10":"product_cat-tusevi","11":"product_tag-baterija","12":"product_tag-baterija-za-tus","13":"product_tag-cesma","14":"product_tag-kupatilo","15":"product_tag-slavina","16":"product_tag-tus","17":"product_tag-tusevi","19":"first","20":"instock","21":"shipping-taxable","22":"purchasable","23":"product-type-simple"},"yoast_head":"<!-- This site is optimized with the Yoast SEO plugin v25.2 - https:\/\/yoast.com\/wordpress\/plugins\/seo\/ -->\n<title>BATERIJA ZA KADU SA USPONSKIM TU\u0160EM IDEAL RAIN SOFT - IDEAL STANDARD B1098 - DIM Trade<\/title>\n<meta name=\"robots\" content=\"index, follow, max-snippet:-1, max-image-preview:large, max-video-preview:-1\" \/>\n<link rel=\"canonical\" href=\"https:\/\/demo.domenos.rs\/dimstari\/proizvod\/baterija-za-kadu-sa-usponskim-tusem-ideal-rain-soft-ideal-standard-b1098\/\" \/>\n<meta property=\"og:locale\" content=\"sr_RS\" \/>\n<meta property=\"og:type\" content=\"article\" \/>\n<meta property=\"og:title\" content=\"BATERIJA ZA KADU SA USPONSKIM TU\u0160EM IDEAL RAIN SOFT - IDEAL STANDARD B1098 - DIM Trade\" \/>\n<meta property=\"og:description\" content=\"U cenu je ura\u010dunat PDV. Cene mo\u017eemo menjati bez prethodne najave. Svi artikli koji su prikazani na sajtu su informativnog karaktera. Za vi\u0161e informacija o artiklu, molimo da nas kontaktirate.\" \/>\n<meta property=\"og:url\" content=\"https:\/\/demo.domenos.rs\/dimstari\/proizvod\/baterija-za-kadu-sa-usponskim-tusem-ideal-rain-soft-ideal-standard-b1098\/\" \/>\n<meta property=\"og:site_name\" content=\"DIM Trade\" \/>\n<meta property=\"article:publisher\" content=\"https:\/\/www.facebook.com\/dimtrade94\/\" \/>\n<meta property=\"article:modified_time\" content=\"2024-11-07T20:00:43+00:00\" \/>\n<meta property=\"og:image\" content=\"https:\/\/demo.domenos.rs\/dimstari\/wp-content\/uploads\/2024\/11\/1507635446-3-BATERIJA-ZA-KADU-SA-USPONSKIM-TUSEM-IDEAL-RAIN-SOFT-IDEAL-STANDARD-B1098.jpg?wsr\" \/>\n\t<meta property=\"og:image:width\" content=\"800\" \/>\n\t<meta property=\"og:image:height\" content=\"800\" \/>\n\t<meta property=\"og:image:type\" content=\"image\/jpeg\" \/>\n<meta name=\"twitter:card\" content=\"summary_large_image\" \/>\n<script type=\"application\/ld+json\" class=\"yoast-schema-graph\">{\"@context\":\"https:\/\/schema.org\",\"@graph\":[{\"@type\":\"WebPage\",\"@id\":\"https:\/\/demo.domenos.rs\/dimstari\/proizvod\/baterija-za-kadu-sa-usponskim-tusem-ideal-rain-soft-ideal-standard-b1098\/\",\"url\":\"https:\/\/demo.domenos.rs\/dimstari\/proizvod\/baterija-za-kadu-sa-usponskim-tusem-ideal-rain-soft-ideal-standard-b1098\/\",\"name\":\"BATERIJA ZA KADU SA USPONSKIM TU\u0160EM IDEAL RAIN SOFT - IDEAL STANDARD B1098 - DIM Trade\",\"isPartOf\":{\"@id\":\"https:\/\/demo.domenos.rs\/dimstari\/#website\"},\"primaryImageOfPage\":{\"@id\":\"https:\/\/demo.domenos.rs\/dimstari\/proizvod\/baterija-za-kadu-sa-usponskim-tusem-ideal-rain-soft-ideal-standard-b1098\/#primaryimage\"},\"image\":{\"@id\":\"https:\/\/demo.domenos.rs\/dimstari\/proizvod\/baterija-za-kadu-sa-usponskim-tusem-ideal-rain-soft-ideal-standard-b1098\/#primaryimage\"},\"thumbnailUrl\":\"https:\/\/demo.domenos.rs\/dimstari\/wp-content\/uploads\/2024\/11\/1507635446-3-BATERIJA-ZA-KADU-SA-USPONSKIM-TUSEM-IDEAL-RAIN-SOFT-IDEAL-STANDARD-B1098.jpg?wsr\",\"datePublished\":\"2019-07-25T13:53:08+00:00\",\"dateModified\":\"2024-11-07T20:00:43+00:00\",\"breadcrumb\":{\"@id\":\"https:\/\/demo.domenos.rs\/dimstari\/proizvod\/baterija-za-kadu-sa-usponskim-tusem-ideal-rain-soft-ideal-standard-b1098\/#breadcrumb\"},\"inLanguage\":\"sr-RS\",\"potentialAction\":[{\"@type\":\"ReadAction\",\"target\":[\"https:\/\/demo.domenos.rs\/dimstari\/proizvod\/baterija-za-kadu-sa-usponskim-tusem-ideal-rain-soft-ideal-standard-b1098\/\"]}]},{\"@type\":\"ImageObject\",\"inLanguage\":\"sr-RS\",\"@id\":\"https:\/\/demo.domenos.rs\/dimstari\/proizvod\/baterija-za-kadu-sa-usponskim-tusem-ideal-rain-soft-ideal-standard-b1098\/#primaryimage\",\"url\":\"https:\/\/demo.domenos.rs\/dimstari\/wp-content\/uploads\/2024\/11\/1507635446-3-BATERIJA-ZA-KADU-SA-USPONSKIM-TUSEM-IDEAL-RAIN-SOFT-IDEAL-STANDARD-B1098.jpg?wsr\",\"contentUrl\":\"https:\/\/demo.domenos.rs\/dimstari\/wp-content\/uploads\/2024\/11\/1507635446-3-BATERIJA-ZA-KADU-SA-USPONSKIM-TUSEM-IDEAL-RAIN-SOFT-IDEAL-STANDARD-B1098.jpg?wsr\",\"width\":800,\"height\":800},{\"@type\":\"BreadcrumbList\",\"@id\":\"https:\/\/demo.domenos.rs\/dimstari\/proizvod\/baterija-za-kadu-sa-usponskim-tusem-ideal-rain-soft-ideal-standard-b1098\/#breadcrumb\",\"itemListElement\":[{\"@type\":\"ListItem\",\"position\":1,\"name\":\"Po\u010detna\",\"item\":\"https:\/\/demo.domenos.rs\/dimstari\/\"},{\"@type\":\"ListItem\",\"position\":2,\"name\":\"Prodavnica\",\"item\":\"https:\/\/demo.domenos.rs\/dimstari\/prodavnica\/\"},{\"@type\":\"ListItem\",\"position\":3,\"name\":\"BATERIJA ZA KADU SA USPONSKIM TU\u0160EM IDEAL RAIN SOFT &#8211; IDEAL STANDARD B1098\"}]},{\"@type\":\"WebSite\",\"@id\":\"https:\/\/demo.domenos.rs\/dimstari\/#website\",\"url\":\"https:\/\/demo.domenos.rs\/dimstari\/\",\"name\":\"DIM Trade\",\"description\":\"DIM Trade\",\"publisher\":{\"@id\":\"https:\/\/demo.domenos.rs\/dimstari\/#organization\"},\"potentialAction\":[{\"@type\":\"SearchAction\",\"target\":{\"@type\":\"EntryPoint\",\"urlTemplate\":\"https:\/\/demo.domenos.rs\/dimstari\/?s={search_term_string}\"},\"query-input\":{\"@type\":\"PropertyValueSpecification\",\"valueRequired\":true,\"valueName\":\"search_term_string\"}}],\"inLanguage\":\"sr-RS\"},{\"@type\":\"Organization\",\"@id\":\"https:\/\/demo.domenos.rs\/dimstari\/#organization\",\"name\":\"DIM Trade d.o.o.\",\"url\":\"https:\/\/demo.domenos.rs\/dimstari\/\",\"logo\":{\"@type\":\"ImageObject\",\"inLanguage\":\"sr-RS\",\"@id\":\"https:\/\/demo.domenos.rs\/dimstari\/#\/schema\/logo\/image\/\",\"url\":\"https:\/\/demo.domenos.rs\/dimstari\/wp-content\/uploads\/2019\/06\/logo-dimtrade-1.png\",\"contentUrl\":\"https:\/\/demo.domenos.rs\/dimstari\/wp-content\/uploads\/2019\/06\/logo-dimtrade-1.png\",\"width\":342,\"height\":70,\"caption\":\"DIM Trade d.o.o.\"},\"image\":{\"@id\":\"https:\/\/demo.domenos.rs\/dimstari\/#\/schema\/logo\/image\/\"},\"sameAs\":[\"https:\/\/www.facebook.com\/dimtrade94\/\",\"https:\/\/www.instagram.com\/dimtrade\"]}]}<\/script>\n<!-- \/ Yoast SEO plugin. -->","yoast_head_json":{"title":"BATERIJA ZA KADU SA USPONSKIM TU\u0160EM IDEAL RAIN SOFT - IDEAL STANDARD B1098 - DIM Trade","robots":{"index":"index","follow":"follow","max-snippet":"max-snippet:-1","max-image-preview":"max-image-preview:large","max-video-preview":"max-video-preview:-1"},"canonical":"https:\/\/demo.domenos.rs\/dimstari\/proizvod\/baterija-za-kadu-sa-usponskim-tusem-ideal-rain-soft-ideal-standard-b1098\/","og_locale":"sr_RS","og_type":"article","og_title":"BATERIJA ZA KADU SA USPONSKIM TU\u0160EM IDEAL RAIN SOFT - IDEAL STANDARD B1098 - DIM Trade","og_description":"U cenu je ura\u010dunat PDV. Cene mo\u017eemo menjati bez prethodne najave. Svi artikli koji su prikazani na sajtu su informativnog karaktera. Za vi\u0161e informacija o artiklu, molimo da nas kontaktirate.","og_url":"https:\/\/demo.domenos.rs\/dimstari\/proizvod\/baterija-za-kadu-sa-usponskim-tusem-ideal-rain-soft-ideal-standard-b1098\/","og_site_name":"DIM Trade","article_publisher":"https:\/\/www.facebook.com\/dimtrade94\/","article_modified_time":"2024-11-07T20:00:43+00:00","og_image":[{"width":800,"height":800,"url":"https:\/\/demo.domenos.rs\/dimstari\/wp-content\/uploads\/2024\/11\/1507635446-3-BATERIJA-ZA-KADU-SA-USPONSKIM-TUSEM-IDEAL-RAIN-SOFT-IDEAL-STANDARD-B1098.jpg?wsr","type":"image\/jpeg"}],"twitter_card":"summary_large_image","schema":{"@context":"https:\/\/schema.org","@graph":[{"@type":"WebPage","@id":"https:\/\/demo.domenos.rs\/dimstari\/proizvod\/baterija-za-kadu-sa-usponskim-tusem-ideal-rain-soft-ideal-standard-b1098\/","url":"https:\/\/demo.domenos.rs\/dimstari\/proizvod\/baterija-za-kadu-sa-usponskim-tusem-ideal-rain-soft-ideal-standard-b1098\/","name":"BATERIJA ZA KADU SA USPONSKIM TU\u0160EM IDEAL RAIN SOFT - IDEAL STANDARD B1098 - DIM Trade","isPartOf":{"@id":"https:\/\/demo.domenos.rs\/dimstari\/#website"},"primaryImageOfPage":{"@id":"https:\/\/demo.domenos.rs\/dimstari\/proizvod\/baterija-za-kadu-sa-usponskim-tusem-ideal-rain-soft-ideal-standard-b1098\/#primaryimage"},"image":{"@id":"https:\/\/demo.domenos.rs\/dimstari\/proizvod\/baterija-za-kadu-sa-usponskim-tusem-ideal-rain-soft-ideal-standard-b1098\/#primaryimage"},"thumbnailUrl":"https:\/\/demo.domenos.rs\/dimstari\/wp-content\/uploads\/2024\/11\/1507635446-3-BATERIJA-ZA-KADU-SA-USPONSKIM-TUSEM-IDEAL-RAIN-SOFT-IDEAL-STANDARD-B1098.jpg?wsr","datePublished":"2019-07-25T13:53:08+00:00","dateModified":"2024-11-07T20:00:43+00:00","breadcrumb":{"@id":"https:\/\/demo.domenos.rs\/dimstari\/proizvod\/baterija-za-kadu-sa-usponskim-tusem-ideal-rain-soft-ideal-standard-b1098\/#breadcrumb"},"inLanguage":"sr-RS","potentialAction":[{"@type":"ReadAction","target":["https:\/\/demo.domenos.rs\/dimstari\/proizvod\/baterija-za-kadu-sa-usponskim-tusem-ideal-rain-soft-ideal-standard-b1098\/"]}]},{"@type":"ImageObject","inLanguage":"sr-RS","@id":"https:\/\/demo.domenos.rs\/dimstari\/proizvod\/baterija-za-kadu-sa-usponskim-tusem-ideal-rain-soft-ideal-standard-b1098\/#primaryimage","url":"https:\/\/demo.domenos.rs\/dimstari\/wp-content\/uploads\/2024\/11\/1507635446-3-BATERIJA-ZA-KADU-SA-USPONSKIM-TUSEM-IDEAL-RAIN-SOFT-IDEAL-STANDARD-B1098.jpg?wsr","contentUrl":"https:\/\/demo.domenos.rs\/dimstari\/wp-content\/uploads\/2024\/11\/1507635446-3-BATERIJA-ZA-KADU-SA-USPONSKIM-TUSEM-IDEAL-RAIN-SOFT-IDEAL-STANDARD-B1098.jpg?wsr","width":800,"height":800},{"@type":"BreadcrumbList","@id":"https:\/\/demo.domenos.rs\/dimstari\/proizvod\/baterija-za-kadu-sa-usponskim-tusem-ideal-rain-soft-ideal-standard-b1098\/#breadcrumb","itemListElement":[{"@type":"ListItem","position":1,"name":"Po\u010detna","item":"https:\/\/demo.domenos.rs\/dimstari\/"},{"@type":"ListItem","position":2,"name":"Prodavnica","item":"https:\/\/demo.domenos.rs\/dimstari\/prodavnica\/"},{"@type":"ListItem","position":3,"name":"BATERIJA ZA KADU SA USPONSKIM TU\u0160EM IDEAL RAIN SOFT &#8211; IDEAL STANDARD B1098"}]},{"@type":"WebSite","@id":"https:\/\/demo.domenos.rs\/dimstari\/#website","url":"https:\/\/demo.domenos.rs\/dimstari\/","name":"DIM Trade","description":"DIM Trade","publisher":{"@id":"https:\/\/demo.domenos.rs\/dimstari\/#organization"},"potentialAction":[{"@type":"SearchAction","target":{"@type":"EntryPoint","urlTemplate":"https:\/\/demo.domenos.rs\/dimstari\/?s={search_term_string}"},"query-input":{"@type":"PropertyValueSpecification","valueRequired":true,"valueName":"search_term_string"}}],"inLanguage":"sr-RS"},{"@type":"Organization","@id":"https:\/\/demo.domenos.rs\/dimstari\/#organization","name":"DIM Trade d.o.o.","url":"https:\/\/demo.domenos.rs\/dimstari\/","logo":{"@type":"ImageObject","inLanguage":"sr-RS","@id":"https:\/\/demo.domenos.rs\/dimstari\/#\/schema\/logo\/image\/","url":"https:\/\/demo.domenos.rs\/dimstari\/wp-content\/uploads\/2019\/06\/logo-dimtrade-1.png","contentUrl":"https:\/\/demo.domenos.rs\/dimstari\/wp-content\/uploads\/2019\/06\/logo-dimtrade-1.png","width":342,"height":70,"caption":"DIM Trade d.o.o."},"image":{"@id":"https:\/\/demo.domenos.rs\/dimstari\/#\/schema\/logo\/image\/"},"sameAs":["https:\/\/www.facebook.com\/dimtrade94\/","https:\/\/www.instagram.com\/dimtrade"]}]}},"_links":{"self":[{"href":"https:\/\/demo.domenos.rs\/dimstari\/wp-json\/wp\/v2\/product\/3533","targetHints":{"allow":["GET"]}}],"collection":[{"href":"https:\/\/demo.domenos.rs\/dimstari\/wp-json\/wp\/v2\/product"}],"about":[{"href":"https:\/\/demo.domenos.rs\/dimstari\/wp-json\/wp\/v2\/types\/product"}],"wp:featuredmedia":[{"embeddable":true,"href":"https:\/\/demo.domenos.rs\/dimstari\/wp-json\/wp\/v2\/media\/19583"}],"wp:attachment":[{"href":"https:\/\/demo.domenos.rs\/dimstari\/wp-json\/wp\/v2\/media?parent=3533"}],"wp:term":[{"taxonomy":"product_brand","embeddable":true,"href":"https:\/\/demo.domenos.rs\/dimstari\/wp-json\/wp\/v2\/product_brand?post=3533"},{"taxonomy":"product_cat","embeddable":true,"href":"https:\/\/demo.domenos.rs\/dimstari\/wp-json\/wp\/v2\/product_cat?post=3533"},{"taxonomy":"product_tag","embeddable":true,"href":"https:\/\/demo.domenos.rs\/dimstari\/wp-json\/wp\/v2\/product_tag?post=3533"}],"curies":[{"name":"wp","href":"https:\/\/api.w.org\/{rel}","templated":true}]}}